{"id":6942,"date":"2026-01-27T10:26:58","date_gmt":"2026-01-27T09:26:58","guid":{"rendered":"https:\/\/www.aiutu-corsu.org\/wordpress\/?page_id=6942"},"modified":"2026-03-31T09:37:27","modified_gmt":"2026-03-31T08:37:27","slug":"presse-media-podcast-2026","status":"publish","type":"page","link":"https:\/\/www.aiutu-corsu.org\/wordpress\/presse-media-podcast-2026\/","title":{"rendered":"Presse \/ M\u00e9dia \/ Podcast 2026"},"content":{"rendered":"\n<p>Retrouvez ici toutes les actualit\u00e9s Aiutu Corsu parues dans la presse en 2026.<\/p>\n\n\n\n<div class=\"wp-block-cover aligncenter is-repeated\"><span aria-hidden=\"true\" class=\"wp-block-cover__background has-background-dim\"><\/span><div role=\"img\" class=\"wp-block-cover__image-background wp-image-6997 is-repeated\" style=\"background-position:50% 50%;background-image:url(https:\/\/www.aiutu-corsu.org\/wordpress\/wp-content\/uploads\/2026\/03\/Frequenza-Nostra-Sidaction-2026-473x1024.jpeg)\"><\/div><div class=\"wp-block-cover__inner-container is-layout-flow wp-block-cover-is-layout-flow\">\n<p>Pour le Sidaction 2026, l&rsquo;\u00e9quipe d&rsquo;Aiutu Corsu a \u00e9t\u00e9 re\u00e7ue chez Frequenza Nostra le 28 mars. L&rsquo;occasion de mettre en avant l&rsquo;importance du Sidaction \u00e0 l&rsquo;heure o\u00f9 les financements sont en baisse, et remercier tous les commerces du pays ajaccien qui participent \u00e0 cet \u00e9v\u00e9nement.<\/p>\n<\/div><\/div>\n\n\n\n<div style=\"height:22px\" aria-hidden=\"true\" class=\"wp-block-spacer\"><\/div>\n\n\n\n<h2 class=\"wp-block-heading\">Le 32e Sidaction pour \u00ab\u00a0emp\u00eacher le Sida de regagner du terrain\u00a0\u00bb, interview sur ICI RCFM<\/h2>\n\n\n\n<div class=\"wp-block-columns is-layout-flex wp-container-core-columns-layout-1 wp-block-columns-is-layout-flex\">\n<div class=\"wp-block-column is-layout-flow wp-block-column-is-layout-flow\" style=\"flex-basis:66.66%\">\n<p>Pour emp\u00eacher le Sida de regagner du terrain, le Sidaction bat plus fort le rappel pour la lutte contre le VIH, \u00ab\u00a0prise en \u00e9tau\u00a0\u00bb entre des coupes budg\u00e9taires et des attaques croissantes contre les droits. Un virus avec lequel on peut vivre, d\u00e9pist\u00e9 et trait\u00e9, mais dont on ne gu\u00e9rit pas encore.<br>Un rappel d&rsquo;Audrey Bertolini au micro d&rsquo;Ici RCFM.<\/p>\n<\/div>\n\n\n\n<div class=\"wp-block-column is-layout-flow wp-block-column-is-layout-flow\" style=\"flex-basis:33.33%\">\n<div style=\"height:70px\" aria-hidden=\"true\" class=\"wp-block-spacer\"><\/div>\n\n\n\n<div class=\"wp-block-buttons is-vertical is-layout-flex wp-container-core-buttons-layout-1 wp-block-buttons-is-layout-flex\">\n<div class=\"wp-block-button has-custom-width wp-block-button__width-75 is-style-outline\"><a class=\"wp-block-button__link has-white-color has-vivid-red-background-color has-text-color has-background has-link-color has-text-align-center wp-element-button\" href=\"https:\/\/www.francebleu.fr\/infos\/sante-sciences\/le-32e-sidaction-pour-empecher-le-sida-de-regagner-du-terrain-4328338\">\u00c0 \u00e9couter ici<\/a><\/div>\n<\/div>\n<\/div>\n<\/div>\n\n\n\n<div style=\"height:22px\" aria-hidden=\"true\" class=\"wp-block-spacer\"><\/div>\n\n\n\n<h2 class=\"wp-block-heading\"><strong>La Corse, terre de pr\u00e9carit\u00e9?<\/strong> Table ronde chez Frequenza Nostra<\/h2>\n\n\n\n<div class=\"wp-block-media-text is-stacked-on-mobile\" style=\"grid-template-columns:33% auto\"><figure class=\"wp-block-media-text__media\"><img loading=\"lazy\" decoding=\"async\" width=\"960\" height=\"960\" src=\"https:\/\/www.aiutu-corsu.org\/wordpress\/wp-content\/uploads\/2025\/12\/logo-frequenza-nostra.jpg\" alt=\"\" class=\"wp-image-6916 size-full\" srcset=\"https:\/\/www.aiutu-corsu.org\/wordpress\/wp-content\/uploads\/2025\/12\/logo-frequenza-nostra.jpg 960w, https:\/\/www.aiutu-corsu.org\/wordpress\/wp-content\/uploads\/2025\/12\/logo-frequenza-nostra-300x300.jpg 300w, https:\/\/www.aiutu-corsu.org\/wordpress\/wp-content\/uploads\/2025\/12\/logo-frequenza-nostra-150x150.jpg 150w, https:\/\/www.aiutu-corsu.org\/wordpress\/wp-content\/uploads\/2025\/12\/logo-frequenza-nostra-768x768.jpg 768w, https:\/\/www.aiutu-corsu.org\/wordpress\/wp-content\/uploads\/2025\/12\/logo-frequenza-nostra-100x100.jpg 100w, https:\/\/www.aiutu-corsu.org\/wordpress\/wp-content\/uploads\/2025\/12\/logo-frequenza-nostra-350x350.jpg 350w\" sizes=\"(max-width: 960px) 100vw, 960px\" \/><\/figure><div class=\"wp-block-media-text__content\">\n<p>Avec l&rsquo;\u00e9quipe mobile psychiatrie et pr\u00e9carit\u00e9 du CH de Castelluccio, la d\u00e9l\u00e9gation corse de La Croix Rouge, Les Unsvisibles et David Brewa, intervenant multim\u00e9dia. Et avec au t\u00e9l\u00e9phone, Hyacinthe Chroury, ancien secr\u00e9taire g\u00e9n\u00e9ral du Secours populaire, vice-pr\u00e9sident de la CLE et pr\u00e9sident de la Commission Pr\u00e9carit\u00e9-Solidarit\u00e9 du Cesec.<br><br>\u00c9coutez l&rsquo;interview chez Frequenza Nostra dat\u00e9e du 12 mars 2026.<\/p>\n<\/div><\/div>\n\n\n\n<figure class=\"wp-block-audio\"><audio controls src=\"https:\/\/www.aiutu-corsu.org\/wordpress\/wp-content\/uploads\/2026\/03\/Table-ronde-precarite-Frequenza-Nostra-12-03-26.mp3\"><\/audio><\/figure>\n\n\n\n<div style=\"height:22px\" aria-hidden=\"true\" class=\"wp-block-spacer\"><\/div>\n\n\n\n<h2 class=\"wp-block-heading\">\u00c9mission Isula Nuda chez Corsica Radio <\/h2>\n\n\n\n<div class=\"wp-block-media-text is-stacked-on-mobile\" style=\"grid-template-columns:46% auto\"><figure class=\"wp-block-media-text__media\"><img loading=\"lazy\" decoding=\"async\" width=\"820\" height=\"480\" src=\"https:\/\/www.aiutu-corsu.org\/wordpress\/wp-content\/uploads\/2026\/01\/VISUEL-ISULA-NUDA-820x480-1.png\" alt=\"\" class=\"wp-image-6936 size-full\" srcset=\"https:\/\/www.aiutu-corsu.org\/wordpress\/wp-content\/uploads\/2026\/01\/VISUEL-ISULA-NUDA-820x480-1.png 820w, https:\/\/www.aiutu-corsu.org\/wordpress\/wp-content\/uploads\/2026\/01\/VISUEL-ISULA-NUDA-820x480-1-300x176.png 300w, https:\/\/www.aiutu-corsu.org\/wordpress\/wp-content\/uploads\/2026\/01\/VISUEL-ISULA-NUDA-820x480-1-768x450.png 768w\" sizes=\"(max-width: 820px) 100vw, 820px\" \/><\/figure><div class=\"wp-block-media-text__content\">\n<p>Notre pr\u00e9sidente Sylvie Marcaggi, invit\u00e9e dans les studios de Corsica Radio par Anne-Catherine Mendez, est intervenue le 19 janvier dans Isula Nuda pour une \u00e9mission sp\u00e9ciale VIH : angles morts de la pr\u00e9vention.<br><\/p>\n<\/div><\/div>\n\n\n\n<div style=\"height:23px\" aria-hidden=\"true\" class=\"wp-block-spacer\"><\/div>\n\n\n\n<div class=\"wp-block-buttons is-content-justification-center is-layout-flex wp-container-core-buttons-layout-2 wp-block-buttons-is-layout-flex\">\n<div class=\"wp-block-button has-custom-font-size is-style-outline has-medium-font-size\" style=\"font-style:normal;font-weight:700\"><a class=\"wp-block-button__link has-vivid-red-color has-black-background-color has-text-color has-background has-link-color wp-element-button\" href=\"https:\/\/corsicaradio.fr\/isula-nuda-7-emission-speciale-vih-sida\/\" target=\"_blank\" rel=\"noreferrer noopener\">Cliquer ici pour \u00e9couter l&rsquo;\u00e9mission<\/a><\/div>\n<\/div>\n\n\n\n<div style=\"height:22px\" aria-hidden=\"true\" class=\"wp-block-spacer\"><\/div>\n\n\n\n<p>Avec le Dr Mahamat, infectiologue, au CEGIDD et \u00e0 l\u2019h\u00f4pital d\u2019Ajaccio, et Paule Maerten de C3S, un \u00e9change riche autour de la pr\u00e9vention et de l\u2019accompagnement.<\/p>\n\n\n\n<div class=\"wp-block-columns is-layout-flex wp-container-core-columns-layout-2 wp-block-columns-is-layout-flex\"><\/div>\n\n\n\n<div class=\"wp-block-columns is-layout-flex wp-container-core-columns-layout-3 wp-block-columns-is-layout-flex\"><\/div>\n","protected":false},"excerpt":{"rendered":"<p>Retrouvez ici toutes les actualit\u00e9s Aiutu Corsu parues dans la presse en 2026. Le 32e Sidaction pour \u00ab\u00a0emp\u00eacher le Sida de regagner du terrain\u00a0\u00bb, interview sur ICI RCFM Pour emp\u00eacher le Sida de regagner du terrain, le Sidaction bat plus fort le rappel pour la lutte contre le VIH, \u00ab\u00a0prise en \u00e9tau\u00a0\u00bb entre des coupes [&hellip;]<\/p>\n","protected":false},"author":191,"featured_media":0,"parent":0,"menu_order":0,"comment_status":"closed","ping_status":"closed","template":"","meta":{"footnotes":""},"_links":{"self":[{"href":"https:\/\/www.aiutu-corsu.org\/wordpress\/wp-json\/wp\/v2\/pages\/6942"}],"collection":[{"href":"https:\/\/www.aiutu-corsu.org\/wordpress\/wp-json\/wp\/v2\/pages"}],"about":[{"href":"https:\/\/www.aiutu-corsu.org\/wordpress\/wp-json\/wp\/v2\/types\/page"}],"author":[{"embeddable":true,"href":"https:\/\/www.aiutu-corsu.org\/wordpress\/wp-json\/wp\/v2\/users\/191"}],"replies":[{"embeddable":true,"href":"https:\/\/www.aiutu-corsu.org\/wordpress\/wp-json\/wp\/v2\/comments?post=6942"}],"version-history":[{"count":18,"href":"https:\/\/www.aiutu-corsu.org\/wordpress\/wp-json\/wp\/v2\/pages\/6942\/revisions"}],"predecessor-version":[{"id":7006,"href":"https:\/\/www.aiutu-corsu.org\/wordpress\/wp-json\/wp\/v2\/pages\/6942\/revisions\/7006"}],"wp:attachment":[{"href":"https:\/\/www.aiutu-corsu.org\/wordpress\/wp-json\/wp\/v2\/media?parent=6942"}],"curies":[{"name":"wp","href":"https:\/\/api.w.org\/{rel}","templated":true}]}}

Presse / Média / Podcast 2026

<p>Retrouvez ici toutes les actualités Aiutu Corsu parues dans la presse en 2026.</p>



<div class="wp-block-cover aligncenter is-repeated"><span aria-hidden="true" class="wp-block-cover__background has-background-dim"></span><div role="img" class="wp-block-cover__image-background wp-image-6997 is-repeated" style="background-position:50% 50%;background-image:url(https://www.aiutu-corsu.org/wordpress/wp-content/uploads/2026/03/Frequenza-Nostra-Sidaction-2026-473x1024.jpeg)"></div><div class="wp-block-cover__inner-container is-layout-flow wp-block-cover-is-layout-flow">
<p>Pour le Sidaction 2026, l&rsquo;équipe d&rsquo;Aiutu Corsu a été reçue chez Frequenza Nostra le 28 mars. L&rsquo;occasion de mettre en avant l&rsquo;importance du Sidaction à l&rsquo;heure où les financements sont en baisse, et remercier tous les commerces du pays ajaccien qui participent à cet événement.</p>
</div></div>



<div style="height:22px" aria-hidden="true" class="wp-block-spacer"></div>



<h2 class="wp-block-heading">Le 32e Sidaction pour « empêcher le Sida de regagner du terrain », interview sur ICI RCFM</h2>



<div class="wp-block-columns is-layout-flex wp-container-core-columns-layout-1 wp-block-columns-is-layout-flex">
<div class="wp-block-column is-layout-flow wp-block-column-is-layout-flow" style="flex-basis:66.66%">
<p>Pour empêcher le Sida de regagner du terrain, le Sidaction bat plus fort le rappel pour la lutte contre le VIH, « prise en étau » entre des coupes budgétaires et des attaques croissantes contre les droits. Un virus avec lequel on peut vivre, dépisté et traité, mais dont on ne guérit pas encore.<br>Un rappel d&rsquo;Audrey Bertolini au micro d&rsquo;Ici RCFM.</p>
</div>



<div class="wp-block-column is-layout-flow wp-block-column-is-layout-flow" style="flex-basis:33.33%">
<div style="height:70px" aria-hidden="true" class="wp-block-spacer"></div>



<div class="wp-block-buttons is-vertical is-layout-flex wp-container-core-buttons-layout-1 wp-block-buttons-is-layout-flex">
<div class="wp-block-button has-custom-width wp-block-button__width-75 is-style-outline"><a class="wp-block-button__link has-white-color has-vivid-red-background-color has-text-color has-background has-link-color has-text-align-center wp-element-button" href="https://www.francebleu.fr/infos/sante-sciences/le-32e-sidaction-pour-empecher-le-sida-de-regagner-du-terrain-4328338">À écouter ici</a></div>
</div>
</div>
</div>



<div style="height:22px" aria-hidden="true" class="wp-block-spacer"></div>



<h2 class="wp-block-heading"><strong>La Corse, terre de précarité?</strong> Table ronde chez Frequenza Nostra</h2>



<div class="wp-block-media-text is-stacked-on-mobile" style="grid-template-columns:33% auto"><figure class="wp-block-media-text__media"><img loading="lazy" decoding="async" width="960" height="960" src="https://www.aiutu-corsu.org/wordpress/wp-content/uploads/2025/12/logo-frequenza-nostra.jpg" alt="" class="wp-image-6916 size-full" srcset="https://www.aiutu-corsu.org/wordpress/wp-content/uploads/2025/12/logo-frequenza-nostra.jpg 960w, https://www.aiutu-corsu.org/wordpress/wp-content/uploads/2025/12/logo-frequenza-nostra-300x300.jpg 300w, https://www.aiutu-corsu.org/wordpress/wp-content/uploads/2025/12/logo-frequenza-nostra-150x150.jpg 150w, https://www.aiutu-corsu.org/wordpress/wp-content/uploads/2025/12/logo-frequenza-nostra-768x768.jpg 768w, https://www.aiutu-corsu.org/wordpress/wp-content/uploads/2025/12/logo-frequenza-nostra-100x100.jpg 100w, https://www.aiutu-corsu.org/wordpress/wp-content/uploads/2025/12/logo-frequenza-nostra-350x350.jpg 350w" sizes="(max-width: 960px) 100vw, 960px" /></figure><div class="wp-block-media-text__content">
<p>Avec l&rsquo;équipe mobile psychiatrie et précarité du CH de Castelluccio, la délégation corse de La Croix Rouge, Les Unsvisibles et David Brewa, intervenant multimédia. Et avec au téléphone, Hyacinthe Chroury, ancien secrétaire général du Secours populaire, vice-président de la CLE et président de la Commission Précarité-Solidarité du Cesec.<br><br>Écoutez l&rsquo;interview chez Frequenza Nostra datée du 12 mars 2026.</p>
</div></div>



<figure class="wp-block-audio"><audio controls src="https://www.aiutu-corsu.org/wordpress/wp-content/uploads/2026/03/Table-ronde-precarite-Frequenza-Nostra-12-03-26.mp3"></audio></figure>



<div style="height:22px" aria-hidden="true" class="wp-block-spacer"></div>



<h2 class="wp-block-heading">Émission Isula Nuda chez Corsica Radio </h2>



<div class="wp-block-media-text is-stacked-on-mobile" style="grid-template-columns:46% auto"><figure class="wp-block-media-text__media"><img loading="lazy" decoding="async" width="820" height="480" src="https://www.aiutu-corsu.org/wordpress/wp-content/uploads/2026/01/VISUEL-ISULA-NUDA-820x480-1.png" alt="" class="wp-image-6936 size-full" srcset="https://www.aiutu-corsu.org/wordpress/wp-content/uploads/2026/01/VISUEL-ISULA-NUDA-820x480-1.png 820w, https://www.aiutu-corsu.org/wordpress/wp-content/uploads/2026/01/VISUEL-ISULA-NUDA-820x480-1-300x176.png 300w, https://www.aiutu-corsu.org/wordpress/wp-content/uploads/2026/01/VISUEL-ISULA-NUDA-820x480-1-768x450.png 768w" sizes="(max-width: 820px) 100vw, 820px" /></figure><div class="wp-block-media-text__content">
<p>Notre présidente Sylvie Marcaggi, invitée dans les studios de Corsica Radio par Anne-Catherine Mendez, est intervenue le 19 janvier dans Isula Nuda pour une émission spéciale VIH : angles morts de la prévention.<br></p>
</div></div>



<div style="height:23px" aria-hidden="true" class="wp-block-spacer"></div>



<div class="wp-block-buttons is-content-justification-center is-layout-flex wp-container-core-buttons-layout-2 wp-block-buttons-is-layout-flex">
<div class="wp-block-button has-custom-font-size is-style-outline has-medium-font-size" style="font-style:normal;font-weight:700"><a class="wp-block-button__link has-vivid-red-color has-black-background-color has-text-color has-background has-link-color wp-element-button" href="https://corsicaradio.fr/isula-nuda-7-emission-speciale-vih-sida/" target="_blank" rel="noreferrer noopener">Cliquer ici pour écouter l&rsquo;émission</a></div>
</div>



<div style="height:22px" aria-hidden="true" class="wp-block-spacer"></div>



<p>Avec le Dr Mahamat, infectiologue, au CEGIDD et à l’hôpital d’Ajaccio, et Paule Maerten de C3S, un échange riche autour de la prévention et de l’accompagnement.</p>



<div class="wp-block-columns is-layout-flex wp-container-core-columns-layout-2 wp-block-columns-is-layout-flex"></div>



<div class="wp-block-columns is-layout-flex wp-container-core-columns-layout-3 wp-block-columns-is-layout-flex"></div>

<p>Retrouvez ici toutes les actualités Aiutu Corsu parues dans la presse en 2026. Le 32e Sidaction pour « empêcher le Sida de regagner du terrain », interview sur ICI RCFM Pour empêcher le Sida de regagner du terrain, le Sidaction bat plus fort le rappel pour la lutte contre le VIH, « prise en étau » entre des coupes [&hellip;]</p>
