{"id":6788,"date":"2025-07-30T14:49:20","date_gmt":"2025-07-30T13:49:20","guid":{"rendered":"https:\/\/www.aiutu-corsu.org\/wordpress\/?page_id=6788"},"modified":"2026-01-27T14:05:48","modified_gmt":"2026-01-27T13:05:48","slug":"presse-media-podcast-2025","status":"publish","type":"page","link":"https:\/\/www.aiutu-corsu.org\/wordpress\/presse-media-podcast-2025\/","title":{"rendered":"Presse \/ M\u00e9dia \/ Podcast 2025"},"content":{"rendered":"\n<p>Retrouvez ici toutes les actualit\u00e9s Aiutu Corsu parues dans la presse en 2025.<\/p>\n\n\n\n<h2 class=\"wp-block-heading\">Interview chez RCF<\/h2>\n\n\n\n<div class=\"wp-block-group is-vertical is-layout-flex wp-container-core-group-layout-1 wp-block-group-is-layout-flex\">\n<div class=\"wp-block-media-text is-stacked-on-mobile is-vertically-aligned-top\"><figure class=\"wp-block-media-text__media\"><a href=\"https:\/\/www.rcf.fr\/ecologie-et-solidarite\/associu-di-noi?episode=638681\"><img loading=\"lazy\" decoding=\"async\" width=\"244\" height=\"207\" src=\"https:\/\/www.aiutu-corsu.org\/wordpress\/wp-content\/uploads\/2025\/12\/Logo-rcf-corse.png\" alt=\"\" class=\"wp-image-6915 size-full\"\/><\/a><\/figure><div class=\"wp-block-media-text__content\">\n<p>\u00c9coutez l&rsquo;interview chez RCF dat\u00e9e du 3 d\u00e9cembre 2025 en cliquant sur le logo.<\/p>\n<\/div><\/div>\n\n\n\n<div style=\"height:40px\" aria-hidden=\"true\" class=\"wp-block-spacer wp-container-content-1\"><\/div>\n\n\n\n<h2 class=\"wp-block-heading\">Interview chez Frequenza Nostra<\/h2>\n\n\n\n<div style=\"height:40px\" aria-hidden=\"true\" class=\"wp-block-spacer wp-container-content-2\"><\/div>\n\n\n\n<div class=\"wp-block-media-text is-stacked-on-mobile is-vertically-aligned-top\" style=\"grid-template-columns:33% auto\"><figure class=\"wp-block-media-text__media\"><a href=\"https:\/\/smartlink.ausha.co\/radio-frequenza-nostra\/2025-11-27-itw-aiutu-corsu-collecte\"><img loading=\"lazy\" decoding=\"async\" width=\"960\" height=\"960\" src=\"https:\/\/www.aiutu-corsu.org\/wordpress\/wp-content\/uploads\/2025\/12\/logo-frequenza-nostra.jpg\" alt=\"\" class=\"wp-image-6916 size-full\" srcset=\"https:\/\/www.aiutu-corsu.org\/wordpress\/wp-content\/uploads\/2025\/12\/logo-frequenza-nostra.jpg 960w, https:\/\/www.aiutu-corsu.org\/wordpress\/wp-content\/uploads\/2025\/12\/logo-frequenza-nostra-300x300.jpg 300w, https:\/\/www.aiutu-corsu.org\/wordpress\/wp-content\/uploads\/2025\/12\/logo-frequenza-nostra-150x150.jpg 150w, https:\/\/www.aiutu-corsu.org\/wordpress\/wp-content\/uploads\/2025\/12\/logo-frequenza-nostra-768x768.jpg 768w, https:\/\/www.aiutu-corsu.org\/wordpress\/wp-content\/uploads\/2025\/12\/logo-frequenza-nostra-100x100.jpg 100w, https:\/\/www.aiutu-corsu.org\/wordpress\/wp-content\/uploads\/2025\/12\/logo-frequenza-nostra-350x350.jpg 350w\" sizes=\"(max-width: 960px) 100vw, 960px\" \/><\/a><\/figure><div class=\"wp-block-media-text__content\">\n<p>\u00c9coutez l&rsquo;interview chez Frequenza Nostra dat\u00e9e du 27 novembre 2025.<\/p>\n\n\n\n<figure class=\"wp-block-audio\"><audio controls src=\"https:\/\/www.aiutu-corsu.org\/wordpress\/wp-content\/uploads\/2025\/12\/Aiutu-Corsu-Frequenza-Nostra-collecte-2025.mp3\"><\/audio><\/figure>\n<\/div><\/div>\n<\/div>\n\n\n\n<div style=\"height:40px\" aria-hidden=\"true\" class=\"wp-block-spacer\"><\/div>\n\n\n\n<h2 class=\"wp-block-heading\">Articles dans Corse Matin du 1er d\u00e9cembre 2025<\/h2>\n\n\n\n<div class=\"wp-block-media-text is-stacked-on-mobile\"><figure class=\"wp-block-media-text__media\"><img loading=\"lazy\" decoding=\"async\" width=\"819\" height=\"1024\" src=\"https:\/\/www.aiutu-corsu.org\/wordpress\/wp-content\/uploads\/2025\/12\/journaux-articles-Corse-Matin-dec-2025-819x1024.jpeg\" alt=\"\" class=\"wp-image-6917 size-full\" srcset=\"https:\/\/www.aiutu-corsu.org\/wordpress\/wp-content\/uploads\/2025\/12\/journaux-articles-Corse-Matin-dec-2025-819x1024.jpeg 819w, https:\/\/www.aiutu-corsu.org\/wordpress\/wp-content\/uploads\/2025\/12\/journaux-articles-Corse-Matin-dec-2025-240x300.jpeg 240w, https:\/\/www.aiutu-corsu.org\/wordpress\/wp-content\/uploads\/2025\/12\/journaux-articles-Corse-Matin-dec-2025-768x960.jpeg 768w, https:\/\/www.aiutu-corsu.org\/wordpress\/wp-content\/uploads\/2025\/12\/journaux-articles-Corse-Matin-dec-2025.jpeg 1152w\" sizes=\"(max-width: 819px) 100vw, 819px\" \/><\/figure><div class=\"wp-block-media-text__content\">\n<p>Lisez les articles parus dans Corse Matin \u00e0 l&rsquo;occasion de la journ\u00e9e mondiale de la luttre contre le SIDA :<\/p>\n\n\n\n<ul>\n<li><a href=\"https:\/\/www.corsematin.com\/article\/societe\/1751591279468115\/je-me-voyais-mourir-du-diagnostic-fatal-a-une-vie-despoir-le-recit-dandre-seropositif-depuis-1988-en-corse\">\u00ab\u00a0Je me voyais mourir\u00a0\u00bb : le r\u00e9cit d&rsquo;Andr\u00e9, s\u00e9ropositif depuis 1988<\/a><br><br><\/li>\n\n\n\n<li><a href=\"https:\/\/www.corsematin.com\/article\/societe\/3131094835355514\/pour-sylvie-marcaggi-presidente-daiutu-corsu-a-ajaccio-la-priorite-absolue-pour-lutter-contre-le-sida-reste-linformation-du-public\">Interview de Sylvie Marcaggi, pr\u00e9sidente d&rsquo;Aiutu Corsu<\/a><\/li>\n<\/ul>\n<\/div><\/div>\n\n\n\n<div style=\"height:40px\" aria-hidden=\"true\" class=\"wp-block-spacer\"><\/div>\n\n\n\n<h2 class=\"wp-block-heading\">Isula Nuda &#8211; Derri\u00e8re les murs<\/h2>\n\n\n\n<details class=\"wp-block-details is-layout-flow wp-block-details-is-layout-flow\"><summary><strong>Aimer, exister, r\u00e9sister\u2026 en prison&nbsp;<\/strong>.&nbsp;<strong>Vie affective, relationnelle et sexuelle en d\u00e9tention : paroles, r\u00e9alit\u00e9s et perspectives<\/strong><\/summary>\n<p>Pour ce deuxi\u00e8me \u00e9pisode, nous franchissons les murs de la d\u00e9tention. Car m\u00eame derri\u00e8re les barreaux, il reste des corps, des d\u00e9sirs, des manques, des \u00e9lans. Parler de sexualit\u00e9, d\u2019affection, de relations humaines en prison, c\u2019est parler de dignit\u00e9, de droit, de sant\u00e9 publique. C\u2019est donner voix \u00e0 celles et ceux qu\u2019on n\u2019entend jamais. Au micro :<\/p>\n\n\n\n<ul>\n<li>Alexandra Salducci, sophrologue,<\/li>\n\n\n\n<li>Sylvie Marcaggi, pr\u00e9sidente d\u2019Aiutu Corsu,<\/li>\n\n\n\n<li>Paule Maerten, coordinatrice EVARS \/ Corse Strat\u00e9gie Sant\u00e9 Sexuelle,<\/li>\n\n\n\n<li>Jean Limongi, directeur du service scolaire de l\u2019EP de Borgo.<\/li>\n<\/ul>\n<\/details>\n\n\n\n<figure class=\"wp-block-audio\"><audio controls src=\"https:\/\/www.aiutu-corsu.org\/wordpress\/wp-content\/uploads\/2025\/07\/Isula-Nuda-3-15072025-16.15.mp3\"><\/audio><\/figure>\n\n\n\n<h2 class=\"wp-block-heading\">Sidaction 2025 &#8211; Et si le VIH restait derri\u00e8re nous ?<\/h2>\n\n\n\n<figure class=\"wp-block-video\"><video controls src=\"https:\/\/www.aiutu-corsu.org\/wordpress\/wp-content\/uploads\/2025\/07\/sidaction-21-22-23-MARS-1.mp4\"><\/video><\/figure>\n\n\n\n<div data-wp-interactive=\"\" class=\"wp-block-file\"><object data-wp-bind--hidden=\"!selectors.core.file.hasPdfPreview\" hidden class=\"wp-block-file__embed\" data=\"https:\/\/www.aiutu-corsu.org\/wordpress\/wp-content\/uploads\/2025\/07\/Article-Corse-Matin-VIH-chez-les-15-24ans.pdf\" type=\"application\/pdf\" style=\"width:100%;height:600px\" aria-label=\"Contenu embarqu\u00e9 Article-Corse-Matin-VIH-chez-les-15-24ans.\"><\/object><a id=\"wp-block-file--media-036784ec-b40c-4f95-a1d6-73458d547888\" href=\"https:\/\/www.aiutu-corsu.org\/wordpress\/wp-content\/uploads\/2025\/07\/Article-Corse-Matin-VIH-chez-les-15-24ans.pdf\">Article-Corse-Matin-VIH-chez-les-15-24ans<\/a><a href=\"https:\/\/www.aiutu-corsu.org\/wordpress\/wp-content\/uploads\/2025\/07\/Article-Corse-Matin-VIH-chez-les-15-24ans.pdf\" class=\"wp-block-file__button wp-element-button\" download aria-describedby=\"wp-block-file--media-036784ec-b40c-4f95-a1d6-73458d547888\">T\u00e9l\u00e9charger<\/a><\/div>\n\n\n\n<div data-wp-interactive=\"\" class=\"wp-block-file\"><object data-wp-bind--hidden=\"!selectors.core.file.hasPdfPreview\" hidden class=\"wp-block-file__embed\" data=\"https:\/\/www.aiutu-corsu.org\/wordpress\/wp-content\/uploads\/2025\/07\/Sidaction-_-Ajaccio-au-rendez-vous-de-la-lutte-contre-le-VIH_SIDA.pdf\" type=\"application\/pdf\" style=\"width:100%;height:600px\" aria-label=\"Contenu embarqu\u00e9 Sidaction-_-Ajaccio-au-rendez-vous-de-la-lutte-contre-le-VIH_SIDA.\"><\/object><a id=\"wp-block-file--media-a7e79048-a6a6-46c0-803f-750a0332fc0b\" href=\"https:\/\/www.aiutu-corsu.org\/wordpress\/wp-content\/uploads\/2025\/07\/Sidaction-_-Ajaccio-au-rendez-vous-de-la-lutte-contre-le-VIH_SIDA.pdf\">Sidaction-_-Ajaccio-au-rendez-vous-de-la-lutte-contre-le-VIH_SIDA<\/a><a href=\"https:\/\/www.aiutu-corsu.org\/wordpress\/wp-content\/uploads\/2025\/07\/Sidaction-_-Ajaccio-au-rendez-vous-de-la-lutte-contre-le-VIH_SIDA.pdf\" class=\"wp-block-file__button wp-element-button\" download aria-describedby=\"wp-block-file--media-a7e79048-a6a6-46c0-803f-750a0332fc0b\">T\u00e9l\u00e9charger<\/a><\/div>\n\n\n\n<h2 class=\"wp-block-heading\">Spot publicitaire &#8211; Merci Frequenza Nostra !<\/h2>\n\n\n\n<figure class=\"wp-block-audio\"><audio controls src=\"https:\/\/www.aiutu-corsu.org\/wordpress\/wp-content\/uploads\/2025\/07\/Sidaction-Aiutu-corsu.mp3\"><\/audio><\/figure>\n","protected":false},"excerpt":{"rendered":"<p>Retrouvez ici toutes les actualit\u00e9s Aiutu Corsu parues dans la presse en 2025. Interview chez RCF \u00c9coutez l&rsquo;interview chez RCF dat\u00e9e du 3 d\u00e9cembre 2025 en cliquant sur le logo. Interview chez Frequenza Nostra \u00c9coutez l&rsquo;interview chez Frequenza Nostra dat\u00e9e du 27 novembre 2025. Articles dans Corse Matin du 1er d\u00e9cembre 2025 Isula Nuda &#8211; [&hellip;]<\/p>\n","protected":false},"author":191,"featured_media":0,"parent":0,"menu_order":0,"comment_status":"closed","ping_status":"closed","template":"","meta":{"footnotes":""},"_links":{"self":[{"href":"https:\/\/www.aiutu-corsu.org\/wordpress\/wp-json\/wp\/v2\/pages\/6788"}],"collection":[{"href":"https:\/\/www.aiutu-corsu.org\/wordpress\/wp-json\/wp\/v2\/pages"}],"about":[{"href":"https:\/\/www.aiutu-corsu.org\/wordpress\/wp-json\/wp\/v2\/types\/page"}],"author":[{"embeddable":true,"href":"https:\/\/www.aiutu-corsu.org\/wordpress\/wp-json\/wp\/v2\/users\/191"}],"replies":[{"embeddable":true,"href":"https:\/\/www.aiutu-corsu.org\/wordpress\/wp-json\/wp\/v2\/comments?post=6788"}],"version-history":[{"count":10,"href":"https:\/\/www.aiutu-corsu.org\/wordpress\/wp-json\/wp\/v2\/pages\/6788\/revisions"}],"predecessor-version":[{"id":6953,"href":"https:\/\/www.aiutu-corsu.org\/wordpress\/wp-json\/wp\/v2\/pages\/6788\/revisions\/6953"}],"wp:attachment":[{"href":"https:\/\/www.aiutu-corsu.org\/wordpress\/wp-json\/wp\/v2\/media?parent=6788"}],"curies":[{"name":"wp","href":"https:\/\/api.w.org\/{rel}","templated":true}]}}

Presse / Média / Podcast 2025

<p>Retrouvez ici toutes les actualités Aiutu Corsu parues dans la presse en 2025.</p>



<h2 class="wp-block-heading">Interview chez RCF</h2>



<div class="wp-block-group is-vertical is-layout-flex wp-container-core-group-layout-1 wp-block-group-is-layout-flex">
<div class="wp-block-media-text is-stacked-on-mobile is-vertically-aligned-top"><figure class="wp-block-media-text__media"><a href="https://www.rcf.fr/ecologie-et-solidarite/associu-di-noi?episode=638681"><img loading="lazy" decoding="async" width="244" height="207" src="https://www.aiutu-corsu.org/wordpress/wp-content/uploads/2025/12/Logo-rcf-corse.png" alt="" class="wp-image-6915 size-full"/></a></figure><div class="wp-block-media-text__content">
<p>Écoutez l&rsquo;interview chez RCF datée du 3 décembre 2025 en cliquant sur le logo.</p>
</div></div>



<div style="height:40px" aria-hidden="true" class="wp-block-spacer wp-container-content-1"></div>



<h2 class="wp-block-heading">Interview chez Frequenza Nostra</h2>



<div style="height:40px" aria-hidden="true" class="wp-block-spacer wp-container-content-2"></div>



<div class="wp-block-media-text is-stacked-on-mobile is-vertically-aligned-top" style="grid-template-columns:33% auto"><figure class="wp-block-media-text__media"><a href="https://smartlink.ausha.co/radio-frequenza-nostra/2025-11-27-itw-aiutu-corsu-collecte"><img loading="lazy" decoding="async" width="960" height="960" src="https://www.aiutu-corsu.org/wordpress/wp-content/uploads/2025/12/logo-frequenza-nostra.jpg" alt="" class="wp-image-6916 size-full" srcset="https://www.aiutu-corsu.org/wordpress/wp-content/uploads/2025/12/logo-frequenza-nostra.jpg 960w, https://www.aiutu-corsu.org/wordpress/wp-content/uploads/2025/12/logo-frequenza-nostra-300x300.jpg 300w, https://www.aiutu-corsu.org/wordpress/wp-content/uploads/2025/12/logo-frequenza-nostra-150x150.jpg 150w, https://www.aiutu-corsu.org/wordpress/wp-content/uploads/2025/12/logo-frequenza-nostra-768x768.jpg 768w, https://www.aiutu-corsu.org/wordpress/wp-content/uploads/2025/12/logo-frequenza-nostra-100x100.jpg 100w, https://www.aiutu-corsu.org/wordpress/wp-content/uploads/2025/12/logo-frequenza-nostra-350x350.jpg 350w" sizes="(max-width: 960px) 100vw, 960px" /></a></figure><div class="wp-block-media-text__content">
<p>Écoutez l&rsquo;interview chez Frequenza Nostra datée du 27 novembre 2025.</p>



<figure class="wp-block-audio"><audio controls src="https://www.aiutu-corsu.org/wordpress/wp-content/uploads/2025/12/Aiutu-Corsu-Frequenza-Nostra-collecte-2025.mp3"></audio></figure>
</div></div>
</div>



<div style="height:40px" aria-hidden="true" class="wp-block-spacer"></div>



<h2 class="wp-block-heading">Articles dans Corse Matin du 1er décembre 2025</h2>



<div class="wp-block-media-text is-stacked-on-mobile"><figure class="wp-block-media-text__media"><img loading="lazy" decoding="async" width="819" height="1024" src="https://www.aiutu-corsu.org/wordpress/wp-content/uploads/2025/12/journaux-articles-Corse-Matin-dec-2025-819x1024.jpeg" alt="" class="wp-image-6917 size-full" srcset="https://www.aiutu-corsu.org/wordpress/wp-content/uploads/2025/12/journaux-articles-Corse-Matin-dec-2025-819x1024.jpeg 819w, https://www.aiutu-corsu.org/wordpress/wp-content/uploads/2025/12/journaux-articles-Corse-Matin-dec-2025-240x300.jpeg 240w, https://www.aiutu-corsu.org/wordpress/wp-content/uploads/2025/12/journaux-articles-Corse-Matin-dec-2025-768x960.jpeg 768w, https://www.aiutu-corsu.org/wordpress/wp-content/uploads/2025/12/journaux-articles-Corse-Matin-dec-2025.jpeg 1152w" sizes="(max-width: 819px) 100vw, 819px" /></figure><div class="wp-block-media-text__content">
<p>Lisez les articles parus dans Corse Matin à l&rsquo;occasion de la journée mondiale de la luttre contre le SIDA :</p>



<ul>
<li><a href="https://www.corsematin.com/article/societe/1751591279468115/je-me-voyais-mourir-du-diagnostic-fatal-a-une-vie-despoir-le-recit-dandre-seropositif-depuis-1988-en-corse">« Je me voyais mourir » : le récit d&rsquo;André, séropositif depuis 1988</a><br><br></li>



<li><a href="https://www.corsematin.com/article/societe/3131094835355514/pour-sylvie-marcaggi-presidente-daiutu-corsu-a-ajaccio-la-priorite-absolue-pour-lutter-contre-le-sida-reste-linformation-du-public">Interview de Sylvie Marcaggi, présidente d&rsquo;Aiutu Corsu</a></li>
</ul>
</div></div>



<div style="height:40px" aria-hidden="true" class="wp-block-spacer"></div>



<h2 class="wp-block-heading">Isula Nuda &#8211; Derrière les murs</h2>



<details class="wp-block-details is-layout-flow wp-block-details-is-layout-flow"><summary><strong>Aimer, exister, résister… en prison&nbsp;</strong>.&nbsp;<strong>Vie affective, relationnelle et sexuelle en détention : paroles, réalités et perspectives</strong></summary>
<p>Pour ce deuxième épisode, nous franchissons les murs de la détention. Car même derrière les barreaux, il reste des corps, des désirs, des manques, des élans. Parler de sexualité, d’affection, de relations humaines en prison, c’est parler de dignité, de droit, de santé publique. C’est donner voix à celles et ceux qu’on n’entend jamais. Au micro :</p>



<ul>
<li>Alexandra Salducci, sophrologue,</li>



<li>Sylvie Marcaggi, présidente d’Aiutu Corsu,</li>



<li>Paule Maerten, coordinatrice EVARS / Corse Stratégie Santé Sexuelle,</li>



<li>Jean Limongi, directeur du service scolaire de l’EP de Borgo.</li>
</ul>
</details>



<figure class="wp-block-audio"><audio controls src="https://www.aiutu-corsu.org/wordpress/wp-content/uploads/2025/07/Isula-Nuda-3-15072025-16.15.mp3"></audio></figure>



<h2 class="wp-block-heading">Sidaction 2025 &#8211; Et si le VIH restait derrière nous ?</h2>



<figure class="wp-block-video"><video controls src="https://www.aiutu-corsu.org/wordpress/wp-content/uploads/2025/07/sidaction-21-22-23-MARS-1.mp4"></video></figure>



<div data-wp-interactive="" class="wp-block-file"><object data-wp-bind--hidden="!selectors.core.file.hasPdfPreview" hidden class="wp-block-file__embed" data="https://www.aiutu-corsu.org/wordpress/wp-content/uploads/2025/07/Article-Corse-Matin-VIH-chez-les-15-24ans.pdf" type="application/pdf" style="width:100%;height:600px" aria-label="Contenu embarqué Article-Corse-Matin-VIH-chez-les-15-24ans."></object><a id="wp-block-file--media-036784ec-b40c-4f95-a1d6-73458d547888" href="https://www.aiutu-corsu.org/wordpress/wp-content/uploads/2025/07/Article-Corse-Matin-VIH-chez-les-15-24ans.pdf">Article-Corse-Matin-VIH-chez-les-15-24ans</a><a href="https://www.aiutu-corsu.org/wordpress/wp-content/uploads/2025/07/Article-Corse-Matin-VIH-chez-les-15-24ans.pdf" class="wp-block-file__button wp-element-button" download aria-describedby="wp-block-file--media-036784ec-b40c-4f95-a1d6-73458d547888">Télécharger</a></div>



<div data-wp-interactive="" class="wp-block-file"><object data-wp-bind--hidden="!selectors.core.file.hasPdfPreview" hidden class="wp-block-file__embed" data="https://www.aiutu-corsu.org/wordpress/wp-content/uploads/2025/07/Sidaction-_-Ajaccio-au-rendez-vous-de-la-lutte-contre-le-VIH_SIDA.pdf" type="application/pdf" style="width:100%;height:600px" aria-label="Contenu embarqué Sidaction-_-Ajaccio-au-rendez-vous-de-la-lutte-contre-le-VIH_SIDA."></object><a id="wp-block-file--media-a7e79048-a6a6-46c0-803f-750a0332fc0b" href="https://www.aiutu-corsu.org/wordpress/wp-content/uploads/2025/07/Sidaction-_-Ajaccio-au-rendez-vous-de-la-lutte-contre-le-VIH_SIDA.pdf">Sidaction-_-Ajaccio-au-rendez-vous-de-la-lutte-contre-le-VIH_SIDA</a><a href="https://www.aiutu-corsu.org/wordpress/wp-content/uploads/2025/07/Sidaction-_-Ajaccio-au-rendez-vous-de-la-lutte-contre-le-VIH_SIDA.pdf" class="wp-block-file__button wp-element-button" download aria-describedby="wp-block-file--media-a7e79048-a6a6-46c0-803f-750a0332fc0b">Télécharger</a></div>



<h2 class="wp-block-heading">Spot publicitaire &#8211; Merci Frequenza Nostra !</h2>



<figure class="wp-block-audio"><audio controls src="https://www.aiutu-corsu.org/wordpress/wp-content/uploads/2025/07/Sidaction-Aiutu-corsu.mp3"></audio></figure>

<p>Retrouvez ici toutes les actualités Aiutu Corsu parues dans la presse en 2025. Interview chez RCF Écoutez l&rsquo;interview chez RCF datée du 3 décembre 2025 en cliquant sur le logo. Interview chez Frequenza Nostra Écoutez l&rsquo;interview chez Frequenza Nostra datée du 27 novembre 2025. Articles dans Corse Matin du 1er décembre 2025 Isula Nuda &#8211; [&hellip;]</p>
