{"id":5714,"date":"2022-03-29T11:39:06","date_gmt":"2022-03-29T10:39:06","guid":{"rendered":"https:\/\/www.aiutu-corsu.org\/wordpress\/?page_id=5714"},"modified":"2023-02-08T10:34:39","modified_gmt":"2023-02-08T09:34:39","slug":"presse-medias-2022","status":"publish","type":"page","link":"https:\/\/www.aiutu-corsu.org\/wordpress\/presse-medias-2022\/","title":{"rendered":"Presse \/ M\u00e9dias 2022"},"content":{"rendered":"\n<div class=\"wp-block-media-text alignwide is-stacked-on-mobile\"><figure class=\"wp-block-media-text__media\"><a href=\"https:\/\/www.aiutu-corsu.org\/wordpress\/wp-content\/uploads\/2023\/02\/article-cni-01-12-2022-scaled.jpeg\" target=\"_blank\" rel=\"noopener noreferrer\"><img loading=\"lazy\" decoding=\"async\" width=\"167\" height=\"1024\" src=\"https:\/\/www.aiutu-corsu.org\/wordpress\/wp-content\/uploads\/2023\/02\/article-cni-01-12-2022-167x1024.jpeg\" alt=\"\" class=\"wp-image-6026\" srcset=\"https:\/\/www.aiutu-corsu.org\/wordpress\/wp-content\/uploads\/2023\/02\/article-cni-01-12-2022-167x1024.jpeg 167w, https:\/\/www.aiutu-corsu.org\/wordpress\/wp-content\/uploads\/2023\/02\/article-cni-01-12-2022-49x300.jpeg 49w\" sizes=\"(max-width: 167px) 100vw, 167px\" \/><\/a><\/figure><div class=\"wp-block-media-text__content\">\n<p><strong>Article Corse Net Infos<\/strong><\/p>\n\n\n\n<p><em>Journ\u00e9e mondiale du sida : En Corse, \u00ab\u00a0encore trop de discriminations, mais de plus en plus d&rsquo;outils de pr\u00e9vention\u00a0\u00bb<\/em><\/p>\n\n\n\n<p>01\/12\/2022<\/p>\n\n\n\n<p><a href=\"https:\/\/www.corsenetinfos.corsica\/Journee-mondiale-du-Sida-En-Corse-encore-trop-de-discriminations-mais-de-plus-en-plus-d-outils-de-prevention_a68288.html\" target=\"_blank\" rel=\"noreferrer noopener\">&gt; Lire l&rsquo;article sur le site de Corse Net Infos<\/a><\/p>\n<\/div><\/div>\n\n\n\n<div class=\"wp-block-group\"><div class=\"wp-block-group__inner-container is-layout-flow wp-block-group-is-layout-flow\">\n<div style=\"height:20px\" aria-hidden=\"true\" class=\"wp-block-spacer\"><\/div>\n\n\n\n<hr class=\"wp-block-separator is-style-wide\"\/>\n\n\n\n<div style=\"height:20px\" aria-hidden=\"true\" class=\"wp-block-spacer\"><\/div>\n<\/div><\/div>\n\n\n\n<div class=\"wp-block-media-text alignwide is-stacked-on-mobile\"><figure class=\"wp-block-media-text__media\"><a href=\"https:\/\/www.aiutu-corsu.org\/wordpress\/wp-content\/uploads\/2023\/02\/article-cni-09-10-2022.jpeg\" target=\"_blank\" rel=\"noopener noreferrer\"><img loading=\"lazy\" decoding=\"async\" width=\"306\" height=\"1024\" src=\"https:\/\/www.aiutu-corsu.org\/wordpress\/wp-content\/uploads\/2023\/02\/article-cni-09-10-2022-306x1024.jpeg\" alt=\"\" class=\"wp-image-6025\" srcset=\"https:\/\/www.aiutu-corsu.org\/wordpress\/wp-content\/uploads\/2023\/02\/article-cni-09-10-2022-306x1024.jpeg 306w, https:\/\/www.aiutu-corsu.org\/wordpress\/wp-content\/uploads\/2023\/02\/article-cni-09-10-2022-90x300.jpeg 90w, https:\/\/www.aiutu-corsu.org\/wordpress\/wp-content\/uploads\/2023\/02\/article-cni-09-10-2022.jpeg 666w\" sizes=\"(max-width: 306px) 100vw, 306px\" \/><\/a><\/figure><div class=\"wp-block-media-text__content\">\n<p><strong>Article Corse Net Infos<\/strong><\/p>\n\n\n\n<p><em>Lutte contre le sida : Aiutu Corsu f\u00eate ses 30 ans<\/em><\/p>\n\n\n\n<p>09\/10\/2022<\/p>\n\n\n\n<p><a href=\"https:\/\/www.corsenetinfos.corsica\/Lutte-contre-le-sida-Aiutu-Corsu-fete-ses-30-ans_a67301.html\" target=\"_blank\" rel=\"noreferrer noopener\">&gt; Lire l&rsquo;article sur le site de Corse Net Infos<\/a><\/p>\n<\/div><\/div>\n\n\n\n<div class=\"wp-block-group\"><div class=\"wp-block-group__inner-container is-layout-flow wp-block-group-is-layout-flow\">\n<p><\/p>\n<\/div><\/div>\n\n\n\n<div class=\"wp-block-group\"><div class=\"wp-block-group__inner-container is-layout-flow wp-block-group-is-layout-flow\">\n<div style=\"height:20px\" aria-hidden=\"true\" class=\"wp-block-spacer\"><\/div>\n\n\n\n<hr class=\"wp-block-separator is-style-wide\"\/>\n\n\n\n<div style=\"height:20px\" aria-hidden=\"true\" class=\"wp-block-spacer\"><\/div>\n\n\n\n<p><\/p>\n<\/div><\/div>\n\n\n\n<div class=\"wp-block-media-text alignwide is-stacked-on-mobile\"><figure class=\"wp-block-media-text__media\"><a href=\"https:\/\/www.aiutu-corsu.org\/wordpress\/wp-content\/uploads\/2023\/02\/article-cni-30-07-2022.jpeg\" target=\"_blank\" rel=\"noopener noreferrer\"><img loading=\"lazy\" decoding=\"async\" width=\"416\" height=\"1024\" src=\"https:\/\/www.aiutu-corsu.org\/wordpress\/wp-content\/uploads\/2023\/02\/article-cni-30-07-2022-416x1024.jpeg\" alt=\"\" class=\"wp-image-6024\" srcset=\"https:\/\/www.aiutu-corsu.org\/wordpress\/wp-content\/uploads\/2023\/02\/article-cni-30-07-2022-416x1024.jpeg 416w, https:\/\/www.aiutu-corsu.org\/wordpress\/wp-content\/uploads\/2023\/02\/article-cni-30-07-2022-122x300.jpeg 122w, https:\/\/www.aiutu-corsu.org\/wordpress\/wp-content\/uploads\/2023\/02\/article-cni-30-07-2022.jpeg 651w\" sizes=\"(max-width: 416px) 100vw, 416px\" \/><\/a><\/figure><div class=\"wp-block-media-text__content\">\n<p><strong>Article Corse Net Infos<\/strong><\/p>\n\n\n\n<p><em>Pr\u00e9vention du sida : les lyc\u00e9ens du Finosello toujours mobilis\u00e9s<\/em><\/p>\n\n\n\n<p>30\/07\/2022<\/p>\n\n\n\n<p><a rel=\"noreferrer noopener\" href=\"https:\/\/www.corsenetinfos.corsica\/Prevention-du-sida-les-lyceens-du-Finosello-toujours-mobilises_a66084.html\" target=\"_blank\">&gt; Lire l&rsquo;article sur le site de Corse Net Infos<\/a><\/p>\n<\/div><\/div>\n\n\n\n<div class=\"wp-block-group\"><div class=\"wp-block-group__inner-container is-layout-flow wp-block-group-is-layout-flow\">\n<div style=\"height:20px\" aria-hidden=\"true\" class=\"wp-block-spacer\"><\/div>\n\n\n\n<hr class=\"wp-block-separator is-style-wide\"\/>\n\n\n\n<div style=\"height:20px\" aria-hidden=\"true\" class=\"wp-block-spacer\"><\/div>\n<\/div><\/div>\n\n\n\n<div class=\"wp-block-media-text alignwide is-stacked-on-mobile\"><figure class=\"wp-block-media-text__media\"><a href=\"https:\/\/www.aiutu-corsu.org\/wordpress\/wp-content\/uploads\/2022\/03\/FireShot-Capture-014-Sidaction-2022-_-_On-se-dit-toujours-_-ca-narrive-quaux-autres.-Et-_-france3-regions.francetvinfo.fr_.png\" target=\"_blank\" rel=\"noopener noreferrer\"><img loading=\"lazy\" decoding=\"async\" width=\"845\" height=\"1024\" src=\"https:\/\/www.aiutu-corsu.org\/wordpress\/wp-content\/uploads\/2022\/03\/FireShot-Capture-014-Sidaction-2022-_-_On-se-dit-toujours-_-ca-narrive-quaux-autres.-Et-_-france3-regions.francetvinfo.fr_-845x1024.png\" alt=\"\" class=\"wp-image-5721\" srcset=\"https:\/\/www.aiutu-corsu.org\/wordpress\/wp-content\/uploads\/2022\/03\/FireShot-Capture-014-Sidaction-2022-_-_On-se-dit-toujours-_-ca-narrive-quaux-autres.-Et-_-france3-regions.francetvinfo.fr_-845x1024.png 845w, https:\/\/www.aiutu-corsu.org\/wordpress\/wp-content\/uploads\/2022\/03\/FireShot-Capture-014-Sidaction-2022-_-_On-se-dit-toujours-_-ca-narrive-quaux-autres.-Et-_-france3-regions.francetvinfo.fr_-248x300.png 248w, https:\/\/www.aiutu-corsu.org\/wordpress\/wp-content\/uploads\/2022\/03\/FireShot-Capture-014-Sidaction-2022-_-_On-se-dit-toujours-_-ca-narrive-quaux-autres.-Et-_-france3-regions.francetvinfo.fr_-768x931.png 768w, https:\/\/www.aiutu-corsu.org\/wordpress\/wp-content\/uploads\/2022\/03\/FireShot-Capture-014-Sidaction-2022-_-_On-se-dit-toujours-_-ca-narrive-quaux-autres.-Et-_-france3-regions.francetvinfo.fr_-1267x1536.png 1267w, https:\/\/www.aiutu-corsu.org\/wordpress\/wp-content\/uploads\/2022\/03\/FireShot-Capture-014-Sidaction-2022-_-_On-se-dit-toujours-_-ca-narrive-quaux-autres.-Et-_-france3-regions.francetvinfo.fr_.png 1448w\" sizes=\"(max-width: 845px) 100vw, 845px\" \/><\/a><\/figure><div class=\"wp-block-media-text__content\">\n<p><strong>Article France 3 Corse Via Stella<\/strong> dans le cadre du<strong> Sidaction 2022<\/strong><\/p>\n\n\n\n<p><em>Sidaction 2022 : \u00ab\u00a0On se dit toujours : \u00e7a n&rsquo;arrive qu&rsquo;aux autres&#8230;\u00a0\u00bb<\/em><\/p>\n\n\n\n<p>26\/03\/2022<\/p>\n\n\n\n<p><a href=\"https:\/\/france3-regions.francetvinfo.fr\/corse\/sidaction-2022-on-se-dit-toujours-ca-n-arrive-qu-aux-autres-et-puis-ca-vous-arrive-et-il-n-y-a-plus-de-retour-en-arriere-2512864.html\" target=\"_blank\" rel=\"noreferrer noopener\">&gt; Lire l&rsquo;article sur le site de France 3 Corse Via Stella<\/a><\/p>\n<\/div><\/div>\n\n\n\n<div class=\"wp-block-group\"><div class=\"wp-block-group__inner-container is-layout-flow wp-block-group-is-layout-flow\">\n<div style=\"height:20px\" aria-hidden=\"true\" class=\"wp-block-spacer\"><\/div>\n\n\n\n<hr class=\"wp-block-separator is-style-wide\"\/>\n\n\n\n<div style=\"height:20px\" aria-hidden=\"true\" class=\"wp-block-spacer\"><\/div>\n<\/div><\/div>\n\n\n\n<div class=\"wp-block-media-text alignwide is-stacked-on-mobile is-vertically-aligned-top\"><figure class=\"wp-block-media-text__media\"><a href=\"https:\/\/www.aiutu-corsu.org\/wordpress\/wp-content\/uploads\/2022\/03\/FOwrI48XwAAskv2.jpg\" target=\"_blank\" rel=\"noopener noreferrer\"><img loading=\"lazy\" decoding=\"async\" width=\"415\" height=\"800\" src=\"https:\/\/www.aiutu-corsu.org\/wordpress\/wp-content\/uploads\/2022\/03\/FOwrI48XwAAskv2.jpg\" alt=\"\" class=\"wp-image-5722\" srcset=\"https:\/\/www.aiutu-corsu.org\/wordpress\/wp-content\/uploads\/2022\/03\/FOwrI48XwAAskv2.jpg 415w, https:\/\/www.aiutu-corsu.org\/wordpress\/wp-content\/uploads\/2022\/03\/FOwrI48XwAAskv2-156x300.jpg 156w\" sizes=\"(max-width: 415px) 100vw, 415px\" \/><\/a><\/figure><div class=\"wp-block-media-text__content\">\n<p><strong>Article Corse-Matin<\/strong> dans le cadre du<strong> Sidaction 2022<\/strong><\/p>\n\n\n\n<p><em>Sidaction<\/em><\/p>\n\n\n\n<p>26\/03\/2022<\/p>\n\n\n\n<p><\/p>\n<\/div><\/div>\n\n\n\n<div style=\"height:20px\" aria-hidden=\"true\" class=\"wp-block-spacer\"><\/div>\n\n\n\n<hr class=\"wp-block-separator is-style-wide\"\/>\n\n\n\n<div style=\"height:20px\" aria-hidden=\"true\" class=\"wp-block-spacer\"><\/div>\n\n\n\n<div class=\"wp-block-media-text alignwide is-stacked-on-mobile is-vertically-aligned-top\"><figure class=\"wp-block-media-text__media\"><a href=\"https:\/\/www.aiutu-corsu.org\/wordpress\/wp-content\/uploads\/2022\/03\/FireShot-Capture-013-Sidaction-2022-_-des-commercants-solidaires-autour-dAjaccio_-france3-regions.francetvinfo.fr_.png\" target=\"_blank\" rel=\"noopener noreferrer\"><img loading=\"lazy\" decoding=\"async\" width=\"605\" height=\"1024\" src=\"https:\/\/www.aiutu-corsu.org\/wordpress\/wp-content\/uploads\/2022\/03\/FireShot-Capture-013-Sidaction-2022-_-des-commercants-solidaires-autour-dAjaccio_-france3-regions.francetvinfo.fr_-605x1024.png\" alt=\"\" class=\"wp-image-5719\" srcset=\"https:\/\/www.aiutu-corsu.org\/wordpress\/wp-content\/uploads\/2022\/03\/FireShot-Capture-013-Sidaction-2022-_-des-commercants-solidaires-autour-dAjaccio_-france3-regions.francetvinfo.fr_-605x1024.png 605w, https:\/\/www.aiutu-corsu.org\/wordpress\/wp-content\/uploads\/2022\/03\/FireShot-Capture-013-Sidaction-2022-_-des-commercants-solidaires-autour-dAjaccio_-france3-regions.francetvinfo.fr_-177x300.png 177w, https:\/\/www.aiutu-corsu.org\/wordpress\/wp-content\/uploads\/2022\/03\/FireShot-Capture-013-Sidaction-2022-_-des-commercants-solidaires-autour-dAjaccio_-france3-regions.francetvinfo.fr_-768x1300.png 768w, https:\/\/www.aiutu-corsu.org\/wordpress\/wp-content\/uploads\/2022\/03\/FireShot-Capture-013-Sidaction-2022-_-des-commercants-solidaires-autour-dAjaccio_-france3-regions.francetvinfo.fr_-907x1536.png 907w, https:\/\/www.aiutu-corsu.org\/wordpress\/wp-content\/uploads\/2022\/03\/FireShot-Capture-013-Sidaction-2022-_-des-commercants-solidaires-autour-dAjaccio_-france3-regions.francetvinfo.fr_-1210x2048.png 1210w, https:\/\/www.aiutu-corsu.org\/wordpress\/wp-content\/uploads\/2022\/03\/FireShot-Capture-013-Sidaction-2022-_-des-commercants-solidaires-autour-dAjaccio_-france3-regions.francetvinfo.fr_.png 1483w\" sizes=\"(max-width: 605px) 100vw, 605px\" \/><\/a><\/figure><div class=\"wp-block-media-text__content\">\n<p><strong>Article France 3 Corse Via Stella<\/strong> dans le cadre du<strong> Sidaction 2022<\/strong><\/p>\n\n\n\n<p><em>Sidaction 2022 : des commer\u00e7ants solidaires autour d&rsquo;Ajaccio<\/em><\/p>\n\n\n\n<p>26\/03\/2022<\/p>\n\n\n\n<p><a href=\"https:\/\/france3-regions.francetvinfo.fr\/corse\/corse-du-sud\/ajaccio\/sidaction-2022-des-commercants-solidaires-autour-d-ajaccio-2512832.html\" target=\"_blank\" rel=\"noreferrer noopener\">&gt; Lire l&rsquo;article sur le site de France 3 Corse Via Stella<\/a><\/p>\n<\/div><\/div>\n\n\n\n<div style=\"height:20px\" aria-hidden=\"true\" class=\"wp-block-spacer\"><\/div>\n\n\n\n<hr class=\"wp-block-separator is-style-wide\"\/>\n\n\n\n<div style=\"height:20px\" aria-hidden=\"true\" class=\"wp-block-spacer\"><\/div>\n\n\n\n<figure class=\"wp-block-audio\"><audio controls src=\"https:\/\/www.aiutu-corsu.org\/wordpress\/wp-content\/uploads\/2022\/03\/Le-journal-de-8h-du-vendredi-25-mars-2022.mp3\"><\/audio><figcaption><strong>Reportage de Jean-Baptiste LECA au journal RCFM du 25\/03\/2022 sur le Sidaction<\/strong><\/figcaption><\/figure>\n\n\n\n<div style=\"height:20px\" aria-hidden=\"true\" class=\"wp-block-spacer\"><\/div>\n\n\n\n<hr class=\"wp-block-separator is-style-wide\"\/>\n\n\n\n<div style=\"height:20px\" aria-hidden=\"true\" class=\"wp-block-spacer\"><\/div>\n\n\n\n<div class=\"wp-block-media-text alignwide is-stacked-on-mobile is-vertically-aligned-top\"><figure class=\"wp-block-media-text__media\"><a href=\"https:\/\/www.aiutu-corsu.org\/wordpress\/wp-content\/uploads\/2022\/03\/FireShot-Capture-012-Sidaction-2022-_-plusieurs-actions-prevues-a-Ajaccio_-www.corsenetinfos.corsica.png\" target=\"_blank\" rel=\"noopener noreferrer\"><img loading=\"lazy\" decoding=\"async\" width=\"433\" height=\"1024\" src=\"https:\/\/www.aiutu-corsu.org\/wordpress\/wp-content\/uploads\/2022\/03\/FireShot-Capture-012-Sidaction-2022-_-plusieurs-actions-prevues-a-Ajaccio_-www.corsenetinfos.corsica-433x1024.png\" alt=\"\" class=\"wp-image-5712\" srcset=\"https:\/\/www.aiutu-corsu.org\/wordpress\/wp-content\/uploads\/2022\/03\/FireShot-Capture-012-Sidaction-2022-_-plusieurs-actions-prevues-a-Ajaccio_-www.corsenetinfos.corsica-433x1024.png 433w, https:\/\/www.aiutu-corsu.org\/wordpress\/wp-content\/uploads\/2022\/03\/FireShot-Capture-012-Sidaction-2022-_-plusieurs-actions-prevues-a-Ajaccio_-www.corsenetinfos.corsica-127x300.png 127w, https:\/\/www.aiutu-corsu.org\/wordpress\/wp-content\/uploads\/2022\/03\/FireShot-Capture-012-Sidaction-2022-_-plusieurs-actions-prevues-a-Ajaccio_-www.corsenetinfos.corsica-650x1536.png 650w, https:\/\/www.aiutu-corsu.org\/wordpress\/wp-content\/uploads\/2022\/03\/FireShot-Capture-012-Sidaction-2022-_-plusieurs-actions-prevues-a-Ajaccio_-www.corsenetinfos.corsica.png 670w\" sizes=\"(max-width: 433px) 100vw, 433px\" \/><\/a><\/figure><div class=\"wp-block-media-text__content\">\n<p><strong>Article Corse Net Infos<\/strong> dans le cadre du<strong> Sidaction 2022<\/strong><\/p>\n\n\n\n<p><em>Sidaction 2022 : plusieurs actions pr\u00e9vues \u00e0 Ajaccio<\/em><\/p>\n\n\n\n<p>23\/03\/2022<\/p>\n\n\n\n<p><a href=\"https:\/\/www.corsenetinfos.corsica\/Sidaction-2022-plusieurs-actions-prevues-a-Ajaccio_a63668.html\" target=\"_blank\" rel=\"noreferrer noopener\">&gt; Lire l&rsquo;article sur le site de Corse Net Infos<\/a><\/p>\n<\/div><\/div>\n","protected":false},"excerpt":{"rendered":"<p>Article Corse Net Infos Journ\u00e9e mondiale du sida : En Corse, \u00ab\u00a0encore trop de discriminations, mais de plus en plus d&rsquo;outils de pr\u00e9vention\u00a0\u00bb 01\/12\/2022 &gt; Lire l&rsquo;article sur le site de Corse Net Infos Article Corse Net Infos Lutte contre le sida : Aiutu Corsu f\u00eate ses 30 ans 09\/10\/2022 &gt; Lire l&rsquo;article sur le [&hellip;]<\/p>\n","protected":false},"author":191,"featured_media":0,"parent":0,"menu_order":0,"comment_status":"closed","ping_status":"closed","template":"","meta":{"footnotes":""},"_links":{"self":[{"href":"https:\/\/www.aiutu-corsu.org\/wordpress\/wp-json\/wp\/v2\/pages\/5714"}],"collection":[{"href":"https:\/\/www.aiutu-corsu.org\/wordpress\/wp-json\/wp\/v2\/pages"}],"about":[{"href":"https:\/\/www.aiutu-corsu.org\/wordpress\/wp-json\/wp\/v2\/types\/page"}],"author":[{"embeddable":true,"href":"https:\/\/www.aiutu-corsu.org\/wordpress\/wp-json\/wp\/v2\/users\/191"}],"replies":[{"embeddable":true,"href":"https:\/\/www.aiutu-corsu.org\/wordpress\/wp-json\/wp\/v2\/comments?post=5714"}],"version-history":[{"count":10,"href":"https:\/\/www.aiutu-corsu.org\/wordpress\/wp-json\/wp\/v2\/pages\/5714\/revisions"}],"predecessor-version":[{"id":6031,"href":"https:\/\/www.aiutu-corsu.org\/wordpress\/wp-json\/wp\/v2\/pages\/5714\/revisions\/6031"}],"wp:attachment":[{"href":"https:\/\/www.aiutu-corsu.org\/wordpress\/wp-json\/wp\/v2\/media?parent=5714"}],"curies":[{"name":"wp","href":"https:\/\/api.w.org\/{rel}","templated":true}]}}