{"id":5005,"date":"2020-12-09T13:57:37","date_gmt":"2020-12-09T12:57:37","guid":{"rendered":"https:\/\/www.aiutu-corsu.org\/wordpress\/?page_id=5005"},"modified":"2021-01-06T11:08:10","modified_gmt":"2021-01-06T10:08:10","slug":"presse-medias-2017","status":"publish","type":"page","link":"https:\/\/www.aiutu-corsu.org\/wordpress\/presse-medias-2017\/","title":{"rendered":"Presse \/ M\u00e9dias 2017"},"content":{"rendered":"\n<div class=\"wp-block-media-text alignwide is-stacked-on-mobile\"><figure class=\"wp-block-media-text__media\"><img loading=\"lazy\" decoding=\"async\" width=\"835\" height=\"1024\" src=\"https:\/\/www.aiutu-corsu.org\/wordpress\/wp-content\/uploads\/2021\/01\/2017-23-Mars-Sidaction-Coup-Envoi-835x1024.jpg\" alt=\"\" class=\"wp-image-5071\" srcset=\"https:\/\/www.aiutu-corsu.org\/wordpress\/wp-content\/uploads\/2021\/01\/2017-23-Mars-Sidaction-Coup-Envoi-835x1024.jpg 835w, https:\/\/www.aiutu-corsu.org\/wordpress\/wp-content\/uploads\/2021\/01\/2017-23-Mars-Sidaction-Coup-Envoi-244x300.jpg 244w, https:\/\/www.aiutu-corsu.org\/wordpress\/wp-content\/uploads\/2021\/01\/2017-23-Mars-Sidaction-Coup-Envoi-768x942.jpg 768w, https:\/\/www.aiutu-corsu.org\/wordpress\/wp-content\/uploads\/2021\/01\/2017-23-Mars-Sidaction-Coup-Envoi.jpg 1000w\" sizes=\"(max-width: 835px) 100vw, 835px\" \/><\/figure><div class=\"wp-block-media-text__content\">\n<p><strong>Corse-Matin<\/strong><\/p>\n\n\n\n<p><em>Coup d&rsquo;envoi du Sidaction demain<\/em><\/p>\n\n\n\n<p>Article du 23\/03\/2017<\/p>\n<\/div><\/div>\n\n\n\n<div style=\"height:20px\" aria-hidden=\"true\" class=\"wp-block-spacer\"><\/div>\n\n\n\n<hr class=\"wp-block-separator is-style-wide\"\/>\n\n\n\n<div style=\"height:20px\" aria-hidden=\"true\" class=\"wp-block-spacer\"><\/div>\n\n\n\n<div class=\"wp-block-media-text alignwide is-stacked-on-mobile\"><figure class=\"wp-block-media-text__media\"><a href=\"https:\/\/www.aiutu-corsu.org\/wordpress\/wp-content\/uploads\/2011\/03\/2017-07-09-Concours-affiches-e1609922238199.jpg\" target=\"_blank\" rel=\"noopener noreferrer\"><img loading=\"lazy\" decoding=\"async\" width=\"1024\" height=\"709\" src=\"https:\/\/www.aiutu-corsu.org\/wordpress\/wp-content\/uploads\/2011\/03\/2017-07-09-Concours-affiches-e1609922238199-1024x709.jpg\" alt=\"\" class=\"wp-image-3579\" srcset=\"https:\/\/www.aiutu-corsu.org\/wordpress\/wp-content\/uploads\/2011\/03\/2017-07-09-Concours-affiches-e1609922238199-1024x709.jpg 1024w, https:\/\/www.aiutu-corsu.org\/wordpress\/wp-content\/uploads\/2011\/03\/2017-07-09-Concours-affiches-e1609922238199-300x208.jpg 300w, https:\/\/www.aiutu-corsu.org\/wordpress\/wp-content\/uploads\/2011\/03\/2017-07-09-Concours-affiches-e1609922238199-768x532.jpg 768w, https:\/\/www.aiutu-corsu.org\/wordpress\/wp-content\/uploads\/2011\/03\/2017-07-09-Concours-affiches-e1609922238199-1536x1064.jpg 1536w, https:\/\/www.aiutu-corsu.org\/wordpress\/wp-content\/uploads\/2011\/03\/2017-07-09-Concours-affiches-e1609922238199-2048x1418.jpg 2048w\" sizes=\"(max-width: 1024px) 100vw, 1024px\" \/><\/a><\/figure><div class=\"wp-block-media-text__content\">\n<p><strong>Corse-Matin<\/strong><\/p>\n\n\n\n<p><em>Le lyc\u00e9e Finosello engag\u00e9 dans la lutte contre le VIH<\/em><\/p>\n\n\n\n<p>Article du 09\/07\/2017<\/p>\n<\/div><\/div>\n\n\n\n<div style=\"height:20px\" aria-hidden=\"true\" class=\"wp-block-spacer\"><\/div>\n\n\n\n<hr class=\"wp-block-separator is-style-wide\"\/>\n\n\n\n<div style=\"height:20px\" aria-hidden=\"true\" class=\"wp-block-spacer\"><\/div>\n\n\n\n<div class=\"wp-block-media-text alignwide is-stacked-on-mobile\"><figure class=\"wp-block-media-text__media\"><a href=\"https:\/\/www.aiutu-corsu.org\/wordpress\/wp-content\/uploads\/2017\/08\/2017-08-08-Trod-Capitello.jpg\" target=\"_blank\" rel=\"noopener noreferrer\"><img loading=\"lazy\" decoding=\"async\" width=\"699\" height=\"1024\" src=\"https:\/\/www.aiutu-corsu.org\/wordpress\/wp-content\/uploads\/2017\/08\/2017-08-08-Trod-Capitello-699x1024.jpg\" alt=\"\" class=\"wp-image-3552\" srcset=\"https:\/\/www.aiutu-corsu.org\/wordpress\/wp-content\/uploads\/2017\/08\/2017-08-08-Trod-Capitello-699x1024.jpg 699w, https:\/\/www.aiutu-corsu.org\/wordpress\/wp-content\/uploads\/2017\/08\/2017-08-08-Trod-Capitello-204x300.jpg 204w, https:\/\/www.aiutu-corsu.org\/wordpress\/wp-content\/uploads\/2017\/08\/2017-08-08-Trod-Capitello.jpg 1751w\" sizes=\"(max-width: 699px) 100vw, 699px\" \/><\/a><\/figure><div class=\"wp-block-media-text__content\">\n<p><strong>Corse-Matin<\/strong><\/p>\n\n\n\n<p><em>Aiutu Corsu lance sa premi\u00e8re campagne de d\u00e9pistage<\/em><\/p>\n\n\n\n<p>Article du 08\/08\/2017<\/p>\n<\/div><\/div>\n\n\n\n<div style=\"height:20px\" aria-hidden=\"true\" class=\"wp-block-spacer\"><\/div>\n\n\n\n<hr class=\"wp-block-separator is-style-wide\"\/>\n\n\n\n<div style=\"height:20px\" aria-hidden=\"true\" class=\"wp-block-spacer\"><\/div>\n\n\n\n<div class=\"wp-block-media-text alignwide is-stacked-on-mobile\"><figure class=\"wp-block-media-text__media\"><a href=\"https:\/\/www.aiutu-corsu.org\/wordpress\/wp-content\/uploads\/2021\/01\/2017-JMS-Actions-a-lile-rousse.jpg\" target=\"_blank\" rel=\"noopener noreferrer\"><img loading=\"lazy\" decoding=\"async\" width=\"1024\" height=\"651\" src=\"https:\/\/www.aiutu-corsu.org\/wordpress\/wp-content\/uploads\/2021\/01\/2017-JMS-Actions-a-lile-rousse-1024x651.jpg\" alt=\"\" class=\"wp-image-5055\" srcset=\"https:\/\/www.aiutu-corsu.org\/wordpress\/wp-content\/uploads\/2021\/01\/2017-JMS-Actions-a-lile-rousse-1024x651.jpg 1024w, https:\/\/www.aiutu-corsu.org\/wordpress\/wp-content\/uploads\/2021\/01\/2017-JMS-Actions-a-lile-rousse-300x191.jpg 300w, https:\/\/www.aiutu-corsu.org\/wordpress\/wp-content\/uploads\/2021\/01\/2017-JMS-Actions-a-lile-rousse-768x488.jpg 768w, https:\/\/www.aiutu-corsu.org\/wordpress\/wp-content\/uploads\/2021\/01\/2017-JMS-Actions-a-lile-rousse.jpg 1500w\" sizes=\"(max-width: 1024px) 100vw, 1024px\" \/><\/a><\/figure><div class=\"wp-block-media-text__content\">\n<p><strong>Corse Net Infos<\/strong><\/p>\n\n\n\n<p><em>Journ\u00e9e mondiale contre le SIDA : Des actions \u00e0 Lisula Rossa<\/em><\/p>\n\n\n\n<p>Article du 30\/11\/2017<\/p>\n\n\n\n<p><a href=\"https:\/\/www.corsenetinfos.corsica\/Journee-mondiale-contre-le-SIDA-Des-actions-a-Lisula-Rossa_a30562.html\" target=\"_blank\" rel=\"noreferrer noopener\">&gt; Voir cet article sur le site de Corse Net Infos<\/a><\/p>\n<\/div><\/div>\n\n\n\n<div style=\"height:20px\" aria-hidden=\"true\" class=\"wp-block-spacer\"><\/div>\n\n\n\n<hr class=\"wp-block-separator is-style-wide\"\/>\n\n\n\n<div style=\"height:20px\" aria-hidden=\"true\" class=\"wp-block-spacer\"><\/div>\n\n\n\n<figure class=\"wp-block-embed-youtube wp-block-embed is-type-video is-provider-youtube wp-embed-aspect-4-3 wp-has-aspect-ratio\"><div class=\"wp-block-embed__wrapper\">\n<iframe loading=\"lazy\" title=\"Op\u00e9ration Caf\u00e9 Capote \u00e0 l&#039;\u00cele-Rousse pour Aiutu Corsu\" width=\"500\" height=\"375\" src=\"https:\/\/www.youtube.com\/embed\/M18nn3npZJM?feature=oembed\" frameborder=\"0\" allow=\"accelerometer; autoplay; clipboard-write; encrypted-media; gyroscope; picture-in-picture\" allowfullscreen><\/iframe>\n<\/div><figcaption>Op\u00e9ration Caf\u00e9 Capote \u00e0 l&rsquo;\u00cele-Rousse pour Aiutu Corsu<\/figcaption><\/figure>\n\n\n\n<div style=\"height:20px\" aria-hidden=\"true\" class=\"wp-block-spacer\"><\/div>\n\n\n\n<hr class=\"wp-block-separator is-style-wide\"\/>\n\n\n\n<div style=\"height:20px\" aria-hidden=\"true\" class=\"wp-block-spacer\"><\/div>\n\n\n\n<div class=\"wp-block-media-text alignwide is-stacked-on-mobile\"><figure class=\"wp-block-media-text__media\"><a href=\"https:\/\/www.aiutu-corsu.org\/wordpress\/wp-content\/uploads\/2011\/03\/2017-12-01-1er-decembre-article-2.jpg\" target=\"_blank\" rel=\"noopener noreferrer\"><img loading=\"lazy\" decoding=\"async\" width=\"835\" height=\"1024\" src=\"https:\/\/www.aiutu-corsu.org\/wordpress\/wp-content\/uploads\/2011\/03\/2017-12-01-1er-decembre-article-2-835x1024.jpg\" alt=\"\" class=\"wp-image-3643\" srcset=\"https:\/\/www.aiutu-corsu.org\/wordpress\/wp-content\/uploads\/2011\/03\/2017-12-01-1er-decembre-article-2-835x1024.jpg 835w, https:\/\/www.aiutu-corsu.org\/wordpress\/wp-content\/uploads\/2011\/03\/2017-12-01-1er-decembre-article-2-244x300.jpg 244w\" sizes=\"(max-width: 835px) 100vw, 835px\" \/><\/a><\/figure><div class=\"wp-block-media-text__content\">\n<p><strong>Corse-Matin<\/strong><\/p>\n\n\n\n<p><em>Le conseil municipal des jeunes mobilis\u00e9 pour les s\u00e9ropositifs<\/em><\/p>\n\n\n\n<p>Article du 01\/12\/2017<\/p>\n<\/div><\/div>\n\n\n\n<div style=\"height:20px\" aria-hidden=\"true\" class=\"wp-block-spacer\"><\/div>\n\n\n\n<hr class=\"wp-block-separator is-style-wide\"\/>\n\n\n\n<figure class=\"wp-block-embed-youtube wp-block-embed is-type-video is-provider-youtube wp-embed-aspect-16-9 wp-has-aspect-ratio\"><div class=\"wp-block-embed__wrapper\">\n<iframe loading=\"lazy\" title=\"1 minute contre le Sida avec le CRIJ Corsica\" width=\"500\" height=\"281\" src=\"https:\/\/www.youtube.com\/embed\/BgpZwKBts4I?feature=oembed\" frameborder=\"0\" allow=\"accelerometer; autoplay; clipboard-write; encrypted-media; gyroscope; picture-in-picture\" allowfullscreen><\/iframe>\n<\/div><figcaption>1 minute contre le Sida avec le CRIJ Corsica<\/figcaption><\/figure>\n\n\n\n<div style=\"height:20px\" aria-hidden=\"true\" class=\"wp-block-spacer\"><\/div>\n\n\n\n<hr class=\"wp-block-separator is-style-wide\"\/>\n\n\n\n<div style=\"height:20px\" aria-hidden=\"true\" class=\"wp-block-spacer\"><\/div>\n\n\n\n<div style=\"height:20px\" aria-hidden=\"true\" class=\"wp-block-spacer\"><\/div>\n\n\n\n<div class=\"wp-block-media-text alignwide is-stacked-on-mobile\"><figure class=\"wp-block-media-text__media\"><a href=\"https:\/\/www.aiutu-corsu.org\/wordpress\/wp-content\/uploads\/2011\/03\/2017-12-01-1er-decembre-article-1.jpg\" target=\"_blank\" rel=\"noopener noreferrer\"><img loading=\"lazy\" decoding=\"async\" width=\"705\" height=\"1024\" src=\"https:\/\/www.aiutu-corsu.org\/wordpress\/wp-content\/uploads\/2011\/03\/2017-12-01-1er-decembre-article-1-705x1024.jpg\" alt=\"\" class=\"wp-image-3648\" srcset=\"https:\/\/www.aiutu-corsu.org\/wordpress\/wp-content\/uploads\/2011\/03\/2017-12-01-1er-decembre-article-1-705x1024.jpg 705w, https:\/\/www.aiutu-corsu.org\/wordpress\/wp-content\/uploads\/2011\/03\/2017-12-01-1er-decembre-article-1-206x300.jpg 206w\" sizes=\"(max-width: 705px) 100vw, 705px\" \/><\/a><\/figure><div class=\"wp-block-media-text__content\">\n<p><strong>Corse-Matin<\/strong><\/p>\n\n\n\n<p><em>Une partie de la solution r\u00e9side dans le d\u00e9pistage<\/em><\/p>\n\n\n\n<p>Article du 01\/12\/2017<\/p>\n<\/div><\/div>\n\n\n\n<div style=\"height:20px\" aria-hidden=\"true\" class=\"wp-block-spacer\"><\/div>\n\n\n\n<hr class=\"wp-block-separator is-style-wide\"\/>\n\n\n\n<div style=\"height:20px\" aria-hidden=\"true\" class=\"wp-block-spacer\"><\/div>\n\n\n\n<figure class=\"wp-block-embed-youtube wp-block-embed is-type-video is-provider-youtube wp-embed-aspect-4-3 wp-has-aspect-ratio\"><div class=\"wp-block-embed__wrapper\">\n<iframe loading=\"lazy\" title=\"Journ\u00e9e Mondiale de Lutte Contre le Sida 2017\" width=\"500\" height=\"375\" src=\"https:\/\/www.youtube.com\/embed\/sZD77Te1SNM?feature=oembed\" frameborder=\"0\" allow=\"accelerometer; autoplay; clipboard-write; encrypted-media; gyroscope; picture-in-picture\" allowfullscreen><\/iframe>\n<\/div><figcaption>Reportage Corsica Sera dans la cadre de la Journ\u00e9e Mondiale de Lutte Contre le Sida 2017<\/figcaption><\/figure>\n","protected":false},"excerpt":{"rendered":"<p>Corse-Matin Coup d&rsquo;envoi du Sidaction demain Article du 23\/03\/2017 Corse-Matin Le lyc\u00e9e Finosello engag\u00e9 dans la lutte contre le VIH Article du 09\/07\/2017 Corse-Matin Aiutu Corsu lance sa premi\u00e8re campagne de d\u00e9pistage Article du 08\/08\/2017 Corse Net Infos Journ\u00e9e mondiale contre le SIDA : Des actions \u00e0 Lisula Rossa Article du 30\/11\/2017 &gt; Voir cet [&hellip;]<\/p>\n","protected":false},"author":191,"featured_media":0,"parent":0,"menu_order":0,"comment_status":"closed","ping_status":"closed","template":"","meta":{"footnotes":""},"_links":{"self":[{"href":"https:\/\/www.aiutu-corsu.org\/wordpress\/wp-json\/wp\/v2\/pages\/5005"}],"collection":[{"href":"https:\/\/www.aiutu-corsu.org\/wordpress\/wp-json\/wp\/v2\/pages"}],"about":[{"href":"https:\/\/www.aiutu-corsu.org\/wordpress\/wp-json\/wp\/v2\/types\/page"}],"author":[{"embeddable":true,"href":"https:\/\/www.aiutu-corsu.org\/wordpress\/wp-json\/wp\/v2\/users\/191"}],"replies":[{"embeddable":true,"href":"https:\/\/www.aiutu-corsu.org\/wordpress\/wp-json\/wp\/v2\/comments?post=5005"}],"version-history":[{"count":7,"href":"https:\/\/www.aiutu-corsu.org\/wordpress\/wp-json\/wp\/v2\/pages\/5005\/revisions"}],"predecessor-version":[{"id":5072,"href":"https:\/\/www.aiutu-corsu.org\/wordpress\/wp-json\/wp\/v2\/pages\/5005\/revisions\/5072"}],"wp:attachment":[{"href":"https:\/\/www.aiutu-corsu.org\/wordpress\/wp-json\/wp\/v2\/media?parent=5005"}],"curies":[{"name":"wp","href":"https:\/\/api.w.org\/{rel}","templated":true}]}}

Presse / Médias 2017

<div class="wp-block-media-text alignwide is-stacked-on-mobile"><figure class="wp-block-media-text__media"><img loading="lazy" decoding="async" width="835" height="1024" src="https://www.aiutu-corsu.org/wordpress/wp-content/uploads/2021/01/2017-23-Mars-Sidaction-Coup-Envoi-835x1024.jpg" alt="" class="wp-image-5071" srcset="https://www.aiutu-corsu.org/wordpress/wp-content/uploads/2021/01/2017-23-Mars-Sidaction-Coup-Envoi-835x1024.jpg 835w, https://www.aiutu-corsu.org/wordpress/wp-content/uploads/2021/01/2017-23-Mars-Sidaction-Coup-Envoi-244x300.jpg 244w, https://www.aiutu-corsu.org/wordpress/wp-content/uploads/2021/01/2017-23-Mars-Sidaction-Coup-Envoi-768x942.jpg 768w, https://www.aiutu-corsu.org/wordpress/wp-content/uploads/2021/01/2017-23-Mars-Sidaction-Coup-Envoi.jpg 1000w" sizes="(max-width: 835px) 100vw, 835px" /></figure><div class="wp-block-media-text__content">
<p><strong>Corse-Matin</strong></p>



<p><em>Coup d&rsquo;envoi du Sidaction demain</em></p>



<p>Article du 23/03/2017</p>
</div></div>



<div style="height:20px" aria-hidden="true" class="wp-block-spacer"></div>



<hr class="wp-block-separator is-style-wide"/>



<div style="height:20px" aria-hidden="true" class="wp-block-spacer"></div>



<div class="wp-block-media-text alignwide is-stacked-on-mobile"><figure class="wp-block-media-text__media"><a href="https://www.aiutu-corsu.org/wordpress/wp-content/uploads/2011/03/2017-07-09-Concours-affiches-e1609922238199.jpg" target="_blank" rel="noopener noreferrer"><img loading="lazy" decoding="async" width="1024" height="709" src="https://www.aiutu-corsu.org/wordpress/wp-content/uploads/2011/03/2017-07-09-Concours-affiches-e1609922238199-1024x709.jpg" alt="" class="wp-image-3579" srcset="https://www.aiutu-corsu.org/wordpress/wp-content/uploads/2011/03/2017-07-09-Concours-affiches-e1609922238199-1024x709.jpg 1024w, https://www.aiutu-corsu.org/wordpress/wp-content/uploads/2011/03/2017-07-09-Concours-affiches-e1609922238199-300x208.jpg 300w, https://www.aiutu-corsu.org/wordpress/wp-content/uploads/2011/03/2017-07-09-Concours-affiches-e1609922238199-768x532.jpg 768w, https://www.aiutu-corsu.org/wordpress/wp-content/uploads/2011/03/2017-07-09-Concours-affiches-e1609922238199-1536x1064.jpg 1536w, https://www.aiutu-corsu.org/wordpress/wp-content/uploads/2011/03/2017-07-09-Concours-affiches-e1609922238199-2048x1418.jpg 2048w" sizes="(max-width: 1024px) 100vw, 1024px" /></a></figure><div class="wp-block-media-text__content">
<p><strong>Corse-Matin</strong></p>



<p><em>Le lycée Finosello engagé dans la lutte contre le VIH</em></p>



<p>Article du 09/07/2017</p>
</div></div>



<div style="height:20px" aria-hidden="true" class="wp-block-spacer"></div>



<hr class="wp-block-separator is-style-wide"/>



<div style="height:20px" aria-hidden="true" class="wp-block-spacer"></div>



<div class="wp-block-media-text alignwide is-stacked-on-mobile"><figure class="wp-block-media-text__media"><a href="https://www.aiutu-corsu.org/wordpress/wp-content/uploads/2017/08/2017-08-08-Trod-Capitello.jpg" target="_blank" rel="noopener noreferrer"><img loading="lazy" decoding="async" width="699" height="1024" src="https://www.aiutu-corsu.org/wordpress/wp-content/uploads/2017/08/2017-08-08-Trod-Capitello-699x1024.jpg" alt="" class="wp-image-3552" srcset="https://www.aiutu-corsu.org/wordpress/wp-content/uploads/2017/08/2017-08-08-Trod-Capitello-699x1024.jpg 699w, https://www.aiutu-corsu.org/wordpress/wp-content/uploads/2017/08/2017-08-08-Trod-Capitello-204x300.jpg 204w, https://www.aiutu-corsu.org/wordpress/wp-content/uploads/2017/08/2017-08-08-Trod-Capitello.jpg 1751w" sizes="(max-width: 699px) 100vw, 699px" /></a></figure><div class="wp-block-media-text__content">
<p><strong>Corse-Matin</strong></p>



<p><em>Aiutu Corsu lance sa première campagne de dépistage</em></p>



<p>Article du 08/08/2017</p>
</div></div>



<div style="height:20px" aria-hidden="true" class="wp-block-spacer"></div>



<hr class="wp-block-separator is-style-wide"/>



<div style="height:20px" aria-hidden="true" class="wp-block-spacer"></div>



<div class="wp-block-media-text alignwide is-stacked-on-mobile"><figure class="wp-block-media-text__media"><a href="https://www.aiutu-corsu.org/wordpress/wp-content/uploads/2021/01/2017-JMS-Actions-a-lile-rousse.jpg" target="_blank" rel="noopener noreferrer"><img loading="lazy" decoding="async" width="1024" height="651" src="https://www.aiutu-corsu.org/wordpress/wp-content/uploads/2021/01/2017-JMS-Actions-a-lile-rousse-1024x651.jpg" alt="" class="wp-image-5055" srcset="https://www.aiutu-corsu.org/wordpress/wp-content/uploads/2021/01/2017-JMS-Actions-a-lile-rousse-1024x651.jpg 1024w, https://www.aiutu-corsu.org/wordpress/wp-content/uploads/2021/01/2017-JMS-Actions-a-lile-rousse-300x191.jpg 300w, https://www.aiutu-corsu.org/wordpress/wp-content/uploads/2021/01/2017-JMS-Actions-a-lile-rousse-768x488.jpg 768w, https://www.aiutu-corsu.org/wordpress/wp-content/uploads/2021/01/2017-JMS-Actions-a-lile-rousse.jpg 1500w" sizes="(max-width: 1024px) 100vw, 1024px" /></a></figure><div class="wp-block-media-text__content">
<p><strong>Corse Net Infos</strong></p>



<p><em>Journée mondiale contre le SIDA : Des actions à Lisula Rossa</em></p>



<p>Article du 30/11/2017</p>



<p><a href="https://www.corsenetinfos.corsica/Journee-mondiale-contre-le-SIDA-Des-actions-a-Lisula-Rossa_a30562.html" target="_blank" rel="noreferrer noopener">&gt; Voir cet article sur le site de Corse Net Infos</a></p>
</div></div>



<div style="height:20px" aria-hidden="true" class="wp-block-spacer"></div>



<hr class="wp-block-separator is-style-wide"/>



<div style="height:20px" aria-hidden="true" class="wp-block-spacer"></div>



<figure class="wp-block-embed-youtube wp-block-embed is-type-video is-provider-youtube wp-embed-aspect-4-3 wp-has-aspect-ratio"><div class="wp-block-embed__wrapper">
<iframe loading="lazy" title="Opération Café Capote à l&#039;Île-Rousse pour Aiutu Corsu" width="500" height="375" src="https://www.youtube.com/embed/M18nn3npZJM?feature=oembed" frameborder="0" allow="accelerometer; autoplay; clipboard-write; encrypted-media; gyroscope; picture-in-picture" allowfullscreen></iframe>
</div><figcaption>Opération Café Capote à l&rsquo;Île-Rousse pour Aiutu Corsu</figcaption></figure>



<div style="height:20px" aria-hidden="true" class="wp-block-spacer"></div>



<hr class="wp-block-separator is-style-wide"/>



<div style="height:20px" aria-hidden="true" class="wp-block-spacer"></div>



<div class="wp-block-media-text alignwide is-stacked-on-mobile"><figure class="wp-block-media-text__media"><a href="https://www.aiutu-corsu.org/wordpress/wp-content/uploads/2011/03/2017-12-01-1er-decembre-article-2.jpg" target="_blank" rel="noopener noreferrer"><img loading="lazy" decoding="async" width="835" height="1024" src="https://www.aiutu-corsu.org/wordpress/wp-content/uploads/2011/03/2017-12-01-1er-decembre-article-2-835x1024.jpg" alt="" class="wp-image-3643" srcset="https://www.aiutu-corsu.org/wordpress/wp-content/uploads/2011/03/2017-12-01-1er-decembre-article-2-835x1024.jpg 835w, https://www.aiutu-corsu.org/wordpress/wp-content/uploads/2011/03/2017-12-01-1er-decembre-article-2-244x300.jpg 244w" sizes="(max-width: 835px) 100vw, 835px" /></a></figure><div class="wp-block-media-text__content">
<p><strong>Corse-Matin</strong></p>



<p><em>Le conseil municipal des jeunes mobilisé pour les séropositifs</em></p>



<p>Article du 01/12/2017</p>
</div></div>



<div style="height:20px" aria-hidden="true" class="wp-block-spacer"></div>



<hr class="wp-block-separator is-style-wide"/>



<figure class="wp-block-embed-youtube wp-block-embed is-type-video is-provider-youtube wp-embed-aspect-16-9 wp-has-aspect-ratio"><div class="wp-block-embed__wrapper">
<iframe loading="lazy" title="1 minute contre le Sida avec le CRIJ Corsica" width="500" height="281" src="https://www.youtube.com/embed/BgpZwKBts4I?feature=oembed" frameborder="0" allow="accelerometer; autoplay; clipboard-write; encrypted-media; gyroscope; picture-in-picture" allowfullscreen></iframe>
</div><figcaption>1 minute contre le Sida avec le CRIJ Corsica</figcaption></figure>



<div style="height:20px" aria-hidden="true" class="wp-block-spacer"></div>



<hr class="wp-block-separator is-style-wide"/>



<div style="height:20px" aria-hidden="true" class="wp-block-spacer"></div>



<div style="height:20px" aria-hidden="true" class="wp-block-spacer"></div>



<div class="wp-block-media-text alignwide is-stacked-on-mobile"><figure class="wp-block-media-text__media"><a href="https://www.aiutu-corsu.org/wordpress/wp-content/uploads/2011/03/2017-12-01-1er-decembre-article-1.jpg" target="_blank" rel="noopener noreferrer"><img loading="lazy" decoding="async" width="705" height="1024" src="https://www.aiutu-corsu.org/wordpress/wp-content/uploads/2011/03/2017-12-01-1er-decembre-article-1-705x1024.jpg" alt="" class="wp-image-3648" srcset="https://www.aiutu-corsu.org/wordpress/wp-content/uploads/2011/03/2017-12-01-1er-decembre-article-1-705x1024.jpg 705w, https://www.aiutu-corsu.org/wordpress/wp-content/uploads/2011/03/2017-12-01-1er-decembre-article-1-206x300.jpg 206w" sizes="(max-width: 705px) 100vw, 705px" /></a></figure><div class="wp-block-media-text__content">
<p><strong>Corse-Matin</strong></p>



<p><em>Une partie de la solution réside dans le dépistage</em></p>



<p>Article du 01/12/2017</p>
</div></div>



<div style="height:20px" aria-hidden="true" class="wp-block-spacer"></div>



<hr class="wp-block-separator is-style-wide"/>



<div style="height:20px" aria-hidden="true" class="wp-block-spacer"></div>



<figure class="wp-block-embed-youtube wp-block-embed is-type-video is-provider-youtube wp-embed-aspect-4-3 wp-has-aspect-ratio"><div class="wp-block-embed__wrapper">
<iframe loading="lazy" title="Journée Mondiale de Lutte Contre le Sida 2017" width="500" height="375" src="https://www.youtube.com/embed/sZD77Te1SNM?feature=oembed" frameborder="0" allow="accelerometer; autoplay; clipboard-write; encrypted-media; gyroscope; picture-in-picture" allowfullscreen></iframe>
</div><figcaption>Reportage Corsica Sera dans la cadre de la Journée Mondiale de Lutte Contre le Sida 2017</figcaption></figure>

<p>Corse-Matin Coup d&rsquo;envoi du Sidaction demain Article du 23/03/2017 Corse-Matin Le lycée Finosello engagé dans la lutte contre le VIH Article du 09/07/2017 Corse-Matin Aiutu Corsu lance sa première campagne de dépistage Article du 08/08/2017 Corse Net Infos Journée mondiale contre le SIDA : Des actions à Lisula Rossa Article du 30/11/2017 &gt; Voir cet [&hellip;]</p>
