{"id":4958,"date":"2020-12-09T11:23:16","date_gmt":"2020-12-09T10:23:16","guid":{"rendered":"https:\/\/www.aiutu-corsu.org\/wordpress\/?page_id=4958"},"modified":"2020-12-09T11:24:25","modified_gmt":"2020-12-09T10:24:25","slug":"presse-medias-2009","status":"publish","type":"page","link":"https:\/\/www.aiutu-corsu.org\/wordpress\/presse-medias-2009\/","title":{"rendered":"Presse \/ M\u00e9dias 2009"},"content":{"rendered":"\n<div class=\"wp-block-media-text alignwide is-stacked-on-mobile\"><figure class=\"wp-block-media-text__media\"><a href=\"https:\/\/www.aiutu-corsu.org\/wordpress\/wp-content\/uploads\/2020\/11\/2009-Mission-Sante\u0301-full.jpg\" target=\"_blank\" rel=\"noopener noreferrer\"><img loading=\"lazy\" decoding=\"async\" width=\"800\" height=\"600\" src=\"https:\/\/www.aiutu-corsu.org\/wordpress\/wp-content\/uploads\/2020\/11\/2009-Mission-Sante\u0301.jpg\" alt=\"\" class=\"wp-image-4864\" srcset=\"https:\/\/www.aiutu-corsu.org\/wordpress\/wp-content\/uploads\/2020\/11\/2009-Mission-Sante\u0301.jpg 800w, https:\/\/www.aiutu-corsu.org\/wordpress\/wp-content\/uploads\/2020\/11\/2009-Mission-Sante\u0301-300x225.jpg 300w, https:\/\/www.aiutu-corsu.org\/wordpress\/wp-content\/uploads\/2020\/11\/2009-Mission-Sante\u0301-768x576.jpg 768w, https:\/\/www.aiutu-corsu.org\/wordpress\/wp-content\/uploads\/2020\/11\/2009-Mission-Sante\u0301-678x509.jpg 678w, https:\/\/www.aiutu-corsu.org\/wordpress\/wp-content\/uploads\/2020\/11\/2009-Mission-Sante\u0301-326x245.jpg 326w, https:\/\/www.aiutu-corsu.org\/wordpress\/wp-content\/uploads\/2020\/11\/2009-Mission-Sante\u0301-80x60.jpg 80w\" sizes=\"(max-width: 800px) 100vw, 800px\" \/><\/a><\/figure><div class=\"wp-block-media-text__content\">\n<p><strong>Article Corse-Matin<\/strong><\/p>\n\n\n\n<p><em>La \u00ab\u00a0Mission Sant\u00e9\u00a0\u00bb de la Corse au Vietnam<\/em><\/p>\n\n\n\n<p>Article du 04\/01\/2009<\/p>\n<\/div><\/div>\n\n\n\n<div style=\"height:20px\" aria-hidden=\"true\" class=\"wp-block-spacer\"><\/div>\n\n\n\n<hr class=\"wp-block-separator is-style-wide\"\/>\n\n\n\n<div style=\"height:20px\" aria-hidden=\"true\" class=\"wp-block-spacer\"><\/div>\n\n\n\n<div class=\"wp-block-media-text alignwide is-stacked-on-mobile\"><figure class=\"wp-block-media-text__media\"><a href=\"https:\/\/www.aiutu-corsu.org\/wordpress\/wp-content\/uploads\/2020\/11\/2009-11-07-2009-La-pre\u0301fe\u0301cture-re\u0301pond-a\u0300-Aiutu-Corsu.jpg\" target=\"_blank\" rel=\"noopener noreferrer\"><img loading=\"lazy\" decoding=\"async\" width=\"600\" height=\"841\" src=\"https:\/\/www.aiutu-corsu.org\/wordpress\/wp-content\/uploads\/2020\/11\/2009-11-07-2009-La-pre\u0301fe\u0301cture-re\u0301pond-a\u0300-Aiutu-Corsu.jpg\" alt=\"\" class=\"wp-image-4866\" srcset=\"https:\/\/www.aiutu-corsu.org\/wordpress\/wp-content\/uploads\/2020\/11\/2009-11-07-2009-La-pre\u0301fe\u0301cture-re\u0301pond-a\u0300-Aiutu-Corsu.jpg 600w, https:\/\/www.aiutu-corsu.org\/wordpress\/wp-content\/uploads\/2020\/11\/2009-11-07-2009-La-pre\u0301fe\u0301cture-re\u0301pond-a\u0300-Aiutu-Corsu-214x300.jpg 214w\" sizes=\"(max-width: 600px) 100vw, 600px\" \/><\/a><\/figure><div class=\"wp-block-media-text__content\">\n<p><strong>Article Corse-Matin<\/strong><\/p>\n\n\n\n<p><em>La pr\u00e9fecture r\u00e9pond \u00e0 Aiutu Corsu<\/em><\/p>\n\n\n\n<p>Article du 11\/07\/2009<\/p>\n<\/div><\/div>\n\n\n\n<div style=\"height:20px\" aria-hidden=\"true\" class=\"wp-block-spacer\"><\/div>\n\n\n\n<hr class=\"wp-block-separator is-style-wide\"\/>\n\n\n\n<div style=\"height:20px\" aria-hidden=\"true\" class=\"wp-block-spacer\"><\/div>\n\n\n\n<div class=\"wp-block-media-text alignwide is-stacked-on-mobile\"><figure class=\"wp-block-media-text__media\"><a href=\"https:\/\/www.aiutu-corsu.org\/wordpress\/wp-content\/uploads\/2020\/11\/2009-30-06-2009-Aiutu-Corsu-prive\u0301e-de-subventions.jpg\" target=\"_blank\" rel=\"noopener noreferrer\"><img loading=\"lazy\" decoding=\"async\" width=\"600\" height=\"864\" src=\"https:\/\/www.aiutu-corsu.org\/wordpress\/wp-content\/uploads\/2020\/11\/2009-30-06-2009-Aiutu-Corsu-prive\u0301e-de-subventions.jpg\" alt=\"\" class=\"wp-image-4867\" srcset=\"https:\/\/www.aiutu-corsu.org\/wordpress\/wp-content\/uploads\/2020\/11\/2009-30-06-2009-Aiutu-Corsu-prive\u0301e-de-subventions.jpg 600w, https:\/\/www.aiutu-corsu.org\/wordpress\/wp-content\/uploads\/2020\/11\/2009-30-06-2009-Aiutu-Corsu-prive\u0301e-de-subventions-208x300.jpg 208w\" sizes=\"(max-width: 600px) 100vw, 600px\" \/><\/a><\/figure><div class=\"wp-block-media-text__content\">\n<p><strong>Article Corse-Matin<\/strong><\/p>\n\n\n\n<p><em>Aiutu Corsu priv\u00e9e de subventions<\/em><\/p>\n\n\n\n<p>Article du 30\/06\/2009<\/p>\n<\/div><\/div>\n","protected":false},"excerpt":{"rendered":"<p>Article Corse-Matin La \u00ab\u00a0Mission Sant\u00e9\u00a0\u00bb de la Corse au Vietnam Article du 04\/01\/2009 Article Corse-Matin La pr\u00e9fecture r\u00e9pond \u00e0 Aiutu Corsu Article du 11\/07\/2009 Article Corse-Matin Aiutu Corsu priv\u00e9e de subventions Article du 30\/06\/2009<\/p>\n","protected":false},"author":191,"featured_media":0,"parent":0,"menu_order":0,"comment_status":"closed","ping_status":"closed","template":"","meta":{"footnotes":""},"_links":{"self":[{"href":"https:\/\/www.aiutu-corsu.org\/wordpress\/wp-json\/wp\/v2\/pages\/4958"}],"collection":[{"href":"https:\/\/www.aiutu-corsu.org\/wordpress\/wp-json\/wp\/v2\/pages"}],"about":[{"href":"https:\/\/www.aiutu-corsu.org\/wordpress\/wp-json\/wp\/v2\/types\/page"}],"author":[{"embeddable":true,"href":"https:\/\/www.aiutu-corsu.org\/wordpress\/wp-json\/wp\/v2\/users\/191"}],"replies":[{"embeddable":true,"href":"https:\/\/www.aiutu-corsu.org\/wordpress\/wp-json\/wp\/v2\/comments?post=4958"}],"version-history":[{"count":2,"href":"https:\/\/www.aiutu-corsu.org\/wordpress\/wp-json\/wp\/v2\/pages\/4958\/revisions"}],"predecessor-version":[{"id":4963,"href":"https:\/\/www.aiutu-corsu.org\/wordpress\/wp-json\/wp\/v2\/pages\/4958\/revisions\/4963"}],"wp:attachment":[{"href":"https:\/\/www.aiutu-corsu.org\/wordpress\/wp-json\/wp\/v2\/media?parent=4958"}],"curies":[{"name":"wp","href":"https:\/\/api.w.org\/{rel}","templated":true}]}}

Presse / Médias 2009

<div class="wp-block-media-text alignwide is-stacked-on-mobile"><figure class="wp-block-media-text__media"><a href="https://www.aiutu-corsu.org/wordpress/wp-content/uploads/2020/11/2009-Mission-Santé-full.jpg" target="_blank" rel="noopener noreferrer"><img loading="lazy" decoding="async" width="800" height="600" src="https://www.aiutu-corsu.org/wordpress/wp-content/uploads/2020/11/2009-Mission-Santé.jpg" alt="" class="wp-image-4864" srcset="https://www.aiutu-corsu.org/wordpress/wp-content/uploads/2020/11/2009-Mission-Santé.jpg 800w, https://www.aiutu-corsu.org/wordpress/wp-content/uploads/2020/11/2009-Mission-Santé-300x225.jpg 300w, https://www.aiutu-corsu.org/wordpress/wp-content/uploads/2020/11/2009-Mission-Santé-768x576.jpg 768w, https://www.aiutu-corsu.org/wordpress/wp-content/uploads/2020/11/2009-Mission-Santé-678x509.jpg 678w, https://www.aiutu-corsu.org/wordpress/wp-content/uploads/2020/11/2009-Mission-Santé-326x245.jpg 326w, https://www.aiutu-corsu.org/wordpress/wp-content/uploads/2020/11/2009-Mission-Santé-80x60.jpg 80w" sizes="(max-width: 800px) 100vw, 800px" /></a></figure><div class="wp-block-media-text__content">
<p><strong>Article Corse-Matin</strong></p>



<p><em>La « Mission Santé » de la Corse au Vietnam</em></p>



<p>Article du 04/01/2009</p>
</div></div>



<div style="height:20px" aria-hidden="true" class="wp-block-spacer"></div>



<hr class="wp-block-separator is-style-wide"/>



<div style="height:20px" aria-hidden="true" class="wp-block-spacer"></div>



<div class="wp-block-media-text alignwide is-stacked-on-mobile"><figure class="wp-block-media-text__media"><a href="https://www.aiutu-corsu.org/wordpress/wp-content/uploads/2020/11/2009-11-07-2009-La-préfécture-répond-à-Aiutu-Corsu.jpg" target="_blank" rel="noopener noreferrer"><img loading="lazy" decoding="async" width="600" height="841" src="https://www.aiutu-corsu.org/wordpress/wp-content/uploads/2020/11/2009-11-07-2009-La-préfécture-répond-à-Aiutu-Corsu.jpg" alt="" class="wp-image-4866" srcset="https://www.aiutu-corsu.org/wordpress/wp-content/uploads/2020/11/2009-11-07-2009-La-préfécture-répond-à-Aiutu-Corsu.jpg 600w, https://www.aiutu-corsu.org/wordpress/wp-content/uploads/2020/11/2009-11-07-2009-La-préfécture-répond-à-Aiutu-Corsu-214x300.jpg 214w" sizes="(max-width: 600px) 100vw, 600px" /></a></figure><div class="wp-block-media-text__content">
<p><strong>Article Corse-Matin</strong></p>



<p><em>La préfecture répond à Aiutu Corsu</em></p>



<p>Article du 11/07/2009</p>
</div></div>



<div style="height:20px" aria-hidden="true" class="wp-block-spacer"></div>



<hr class="wp-block-separator is-style-wide"/>



<div style="height:20px" aria-hidden="true" class="wp-block-spacer"></div>



<div class="wp-block-media-text alignwide is-stacked-on-mobile"><figure class="wp-block-media-text__media"><a href="https://www.aiutu-corsu.org/wordpress/wp-content/uploads/2020/11/2009-30-06-2009-Aiutu-Corsu-privée-de-subventions.jpg" target="_blank" rel="noopener noreferrer"><img loading="lazy" decoding="async" width="600" height="864" src="https://www.aiutu-corsu.org/wordpress/wp-content/uploads/2020/11/2009-30-06-2009-Aiutu-Corsu-privée-de-subventions.jpg" alt="" class="wp-image-4867" srcset="https://www.aiutu-corsu.org/wordpress/wp-content/uploads/2020/11/2009-30-06-2009-Aiutu-Corsu-privée-de-subventions.jpg 600w, https://www.aiutu-corsu.org/wordpress/wp-content/uploads/2020/11/2009-30-06-2009-Aiutu-Corsu-privée-de-subventions-208x300.jpg 208w" sizes="(max-width: 600px) 100vw, 600px" /></a></figure><div class="wp-block-media-text__content">
<p><strong>Article Corse-Matin</strong></p>



<p><em>Aiutu Corsu privée de subventions</em></p>



<p>Article du 30/06/2009</p>
</div></div>

<p>Article Corse-Matin La « Mission Santé » de la Corse au Vietnam Article du 04/01/2009 Article Corse-Matin La préfecture répond à Aiutu Corsu Article du 11/07/2009 Article Corse-Matin Aiutu Corsu privée de subventions Article du 30/06/2009</p>
